{"version":"1.0","provider_name":"radix","provider_url":"https:\/\/kollektiv-radix.at","title":"Workshops f\u00fcr Erwachsene - radix","type":"rich","width":600,"height":338,"html":"<blockquote class=\"wp-embedded-content\" data-secret=\"i3pmVgbDiA\"><a href=\"https:\/\/kollektiv-radix.at\/index.php\/fuer-erwachsene\/\">Workshops f\u00fcr Erwachsene<\/a><\/blockquote><iframe sandbox=\"allow-scripts\" security=\"restricted\" src=\"https:\/\/kollektiv-radix.at\/index.php\/fuer-erwachsene\/embed\/#?secret=i3pmVgbDiA\" width=\"600\" height=\"338\" title=\"&#8222;Workshops f\u00fcr Erwachsene&#8220; &#8211; radix\" data-secret=\"i3pmVgbDiA\" frameborder=\"0\" marginwidth=\"0\" marginheight=\"0\" scrolling=\"no\" class=\"wp-embedded-content\"><\/iframe><script type=\"text\/javascript\">\n\/*! This file is auto-generated *\/\n!function(c,d){\"use strict\";var e=!1,o=!1;if(d.querySelector)if(c.addEventListener)e=!0;if(c.wp=c.wp||{},c.wp.receiveEmbedMessage);else if(c.wp.receiveEmbedMessage=function(e){var t=e.data;if(!t);else if(!(t.secret||t.message||t.value));else if(\/[^a-zA-Z0-9]\/.test(t.secret));else{for(var r,s,a,i=d.querySelectorAll('iframe[data-secret=\"'+t.secret+'\"]'),n=d.querySelectorAll('blockquote[data-secret=\"'+t.secret+'\"]'),o=new RegExp(\"^https?:$\",\"i\"),l=0;l<n.length;l++)n[l].style.display=\"none\";for(l=0;l<i.length;l++)if(r=i[l],e.source!==r.contentWindow);else{if(r.removeAttribute(\"style\"),\"height\"===t.message){if(1e3<(s=parseInt(t.value,10)))s=1e3;else if(~~s<200)s=200;r.height=s}if(\"link\"===t.message)if(s=d.createElement(\"a\"),a=d.createElement(\"a\"),s.href=r.getAttribute(\"src\"),a.href=t.value,!o.test(a.protocol));else if(a.host===s.host)if(d.activeElement===r)c.top.location.href=t.value}}},e)c.addEventListener(\"message\",c.wp.receiveEmbedMessage,!1),d.addEventListener(\"DOMContentLoaded\",t,!1),c.addEventListener(\"load\",t,!1);function t(){if(o);else{o=!0;for(var e,t,r,s=-1!==navigator.appVersion.indexOf(\"MSIE 10\"),a=!!navigator.userAgent.match(\/Trident.*rv:11\\.\/),i=d.querySelectorAll(\"iframe.wp-embedded-content\"),n=0;n<i.length;n++){if(!(r=(t=i[n]).getAttribute(\"data-secret\")))r=Math.random().toString(36).substr(2,10),t.src+=\"#?secret=\"+r,t.setAttribute(\"data-secret\",r);if(s||a)(e=t.cloneNode(!0)).removeAttribute(\"security\"),t.parentNode.replaceChild(e,t);t.contentWindow.postMessage({message:\"ready\",secret:r},\"*\")}}}}(window,document);\n<\/script>\n","description":"Arbeit anders denken Wir zerpfl\u00fccken den Arbeitsbegriff und setzen ihn neu wieder zusammen. Was ist Arbeit nochmal, und wie viel wollen wir davon? Was mache ich eigentlich den ganzen Tag? Welche Form(en) von Arbeit braucht es f\u00fcr die sozial-\u00f6kologische Transformation? Wer soll die machen? Und wer hat im moment eigentlich Zeit daf\u00fcr? Wir wollen uns all diese Fragen vorkn\u00f6pfen, undWeiterlesen"}

Workshops für Erwachsene - radix

<blockquote class="wp-embedded-content" data-secret="i3pmVgbDiA"><a href="https://kollektiv-radix.at/index.php/fuer-erwachsene/">Workshops für Erwachsene</a></blockquote><iframe sandbox="allow-scripts" security="restricted" src="https://kollektiv-radix.at/index.php/fuer-erwachsene/embed/#?secret=i3pmVgbDiA" width="600" height="338" title="&#8222;Workshops für Erwachsene&#8220; &#8211; radix" data-secret="i3pmVgbDiA" frameborder="0" marginwidth="0" marginheight="0" scrolling="no" class="wp-embedded-content"></iframe><script type="text/javascript">
/*! This file is auto-generated */
!function(c,d){"use strict";var e=!1,o=!1;if(d.querySelector)if(c.addEventListener)e=!0;if(c.wp=c.wp||{},c.wp.receiveEmbedMessage);else if(c.wp.receiveEmbedMessage=function(e){var t=e.data;if(!t);else if(!(t.secret||t.message||t.value));else if(/[^a-zA-Z0-9]/.test(t.secret));else{for(var r,s,a,i=d.querySelectorAll('iframe[data-secret="'+t.secret+'"]'),n=d.querySelectorAll('blockquote[data-secret="'+t.secret+'"]'),o=new RegExp("^https?:$","i"),l=0;l<n.length;l++)n[l].style.display="none";for(l=0;l<i.length;l++)if(r=i[l],e.source!==r.contentWindow);else{if(r.removeAttribute("style"),"height"===t.message){if(1e3<(s=parseInt(t.value,10)))s=1e3;else if(~~s<200)s=200;r.height=s}if("link"===t.message)if(s=d.createElement("a"),a=d.createElement("a"),s.href=r.getAttribute("src"),a.href=t.value,!o.test(a.protocol));else if(a.host===s.host)if(d.activeElement===r)c.top.location.href=t.value}}},e)c.addEventListener("message",c.wp.receiveEmbedMessage,!1),d.addEventListener("DOMContentLoaded",t,!1),c.addEventListener("load",t,!1);function t(){if(o);else{o=!0;for(var e,t,r,s=-1!==navigator.appVersion.indexOf("MSIE 10"),a=!!navigator.userAgent.match(/Trident.*rv:11\./),i=d.querySelectorAll("iframe.wp-embedded-content"),n=0;n<i.length;n++){if(!(r=(t=i[n]).getAttribute("data-secret")))r=Math.random().toString(36).substr(2,10),t.src+="#?secret="+r,t.setAttribute("data-secret",r);if(s||a)(e=t.cloneNode(!0)).removeAttribute("security"),t.parentNode.replaceChild(e,t);t.contentWindow.postMessage({message:"ready",secret:r},"*")}}}}(window,document);
</script>

Arbeit anders denken Wir zerpflücken den Arbeitsbegriff und setzen ihn neu wieder zusammen. Was ist Arbeit nochmal, und wie viel wollen wir davon? Was mache ich eigentlich den ganzen Tag? Welche Form(en) von Arbeit braucht es für die sozial-ökologische Transformation? Wer soll die machen? Und wer hat im moment eigentlich Zeit dafür? Wir wollen uns all diese Fragen vorknöpfen, undWeiterlesen
