{"version":"1.0","provider_name":"radix","provider_url":"https:\/\/kollektiv-radix.at","title":"Seminar Wurzeln im Sturm Juni 2025 - radix","type":"rich","width":600,"height":338,"html":"<blockquote class=\"wp-embedded-content\" data-secret=\"y90FCQZyky\"><a href=\"https:\/\/kollektiv-radix.at\/index.php\/wurzelnimsturm25\/\">Seminar Wurzeln im Sturm Juni 2025<\/a><\/blockquote><iframe sandbox=\"allow-scripts\" security=\"restricted\" src=\"https:\/\/kollektiv-radix.at\/index.php\/wurzelnimsturm25\/embed\/#?secret=y90FCQZyky\" width=\"600\" height=\"338\" title=\"&#8222;Seminar Wurzeln im Sturm Juni 2025&#8220; &#8211; radix\" data-secret=\"y90FCQZyky\" frameborder=\"0\" marginwidth=\"0\" marginheight=\"0\" scrolling=\"no\" class=\"wp-embedded-content\"><\/iframe><script type=\"text\/javascript\">\n\/*! This file is auto-generated *\/\n!function(c,d){\"use strict\";var e=!1,o=!1;if(d.querySelector)if(c.addEventListener)e=!0;if(c.wp=c.wp||{},c.wp.receiveEmbedMessage);else if(c.wp.receiveEmbedMessage=function(e){var t=e.data;if(!t);else if(!(t.secret||t.message||t.value));else if(\/[^a-zA-Z0-9]\/.test(t.secret));else{for(var r,s,a,i=d.querySelectorAll('iframe[data-secret=\"'+t.secret+'\"]'),n=d.querySelectorAll('blockquote[data-secret=\"'+t.secret+'\"]'),o=new RegExp(\"^https?:$\",\"i\"),l=0;l<n.length;l++)n[l].style.display=\"none\";for(l=0;l<i.length;l++)if(r=i[l],e.source!==r.contentWindow);else{if(r.removeAttribute(\"style\"),\"height\"===t.message){if(1e3<(s=parseInt(t.value,10)))s=1e3;else if(~~s<200)s=200;r.height=s}if(\"link\"===t.message)if(s=d.createElement(\"a\"),a=d.createElement(\"a\"),s.href=r.getAttribute(\"src\"),a.href=t.value,!o.test(a.protocol));else if(a.host===s.host)if(d.activeElement===r)c.top.location.href=t.value}}},e)c.addEventListener(\"message\",c.wp.receiveEmbedMessage,!1),d.addEventListener(\"DOMContentLoaded\",t,!1),c.addEventListener(\"load\",t,!1);function t(){if(o);else{o=!0;for(var e,t,r,s=-1!==navigator.appVersion.indexOf(\"MSIE 10\"),a=!!navigator.userAgent.match(\/Trident.*rv:11\\.\/),i=d.querySelectorAll(\"iframe.wp-embedded-content\"),n=0;n<i.length;n++){if(!(r=(t=i[n]).getAttribute(\"data-secret\")))r=Math.random().toString(36).substr(2,10),t.src+=\"#?secret=\"+r,t.setAttribute(\"data-secret\",r);if(s||a)(e=t.cloneNode(!0)).removeAttribute(\"security\"),t.parentNode.replaceChild(e,t);t.contentWindow.postMessage({message:\"ready\",secret:r},\"*\")}}}}(window,document);\n<\/script>\n","description":"Seminar &#8222;Wurzeln im Sturm \u2013 erm\u00e4chtigt in der Vielfachkrise&#8220; 18. &#8211; 22. Juni 2025 in Klosterneuburg (bei Wien)-&gt; Anmeldeschluss 14. Mai &lt;- \u2192 Du bist voller Unruhe, Wut und Angst \u00fcber die sozialen, politischen und \u00f6kologischen Krisen und f\u00fchlst dich darin ohnm\u00e4chtig oder \u00fcberfordert? \u2192 Du m\u00f6chtest aus dieser Isolation rauskommen und die Kraft von Gemeinschaft erleben? \u2192 Der AlltagWeiterlesen","thumbnail_url":"https:\/\/kollektiv-radix.at\/wp-content\/uploads\/elementor\/thumbs\/1-r2cxslnr8elqim7xglpkb3bvd9j97t2vlrmsr2vzj4.png"}

Seminar &#8222;Wurzeln im Sturm – ermächtigt in der Vielfachkrise&#8220; 18. &#8211; 22. Juni 2025 in Klosterneuburg (bei Wien)-&gt; Anmeldeschluss 14. Mai &lt;- → Du bist voller Unruhe, Wut und Angst über die sozialen, politischen und ökologischen Krisen und fühlst dich darin ohnmächtig oder überfordert? → Du möchtest aus dieser Isolation rauskommen und die Kraft von Gemeinschaft erleben? → Der AlltagWeiterlesen
