{"id":154,"date":"2020-01-16T23:00:54","date_gmt":"2020-01-16T23:00:54","guid":{"rendered":"https:\/\/kollektiv-radix.at\/?page_id=154"},"modified":"2025-09-29T15:19:46","modified_gmt":"2025-09-29T15:19:46","slug":"willkommen-bei-radix-wir-sind-ein-kollektiv-aus-wien-und-machen-transformative-bildungsarbeit","status":"publish","type":"page","link":"https:\/\/kollektiv-radix.at\/","title":{"rendered":"Willkommen bei radix!"},"content":{"rendered":"\t\t<div data-elementor-type=\"wp-page\" data-elementor-id=\"154\" class=\"elementor elementor-154\" data-elementor-settings=\"[]\">\n\t\t\t\t\t\t<div class=\"elementor-inner\">\n\t\t\t\t\t\t\t<div class=\"elementor-section-wrap\">\n\t\t\t\t\t\t\t<section class=\"elementor-section elementor-top-section elementor-element elementor-element-6129f8b4 elementor-section-boxed elementor-section-height-default elementor-section-height-default\" data-id=\"6129f8b4\" data-element_type=\"section\">\n\t\t\t\t\t\t<div class=\"elementor-container elementor-column-gap-default\">\n\t\t\t\t\t\t\t<div class=\"elementor-row\">\n\t\t\t\t\t<div class=\"elementor-column elementor-col-100 elementor-top-column elementor-element elementor-element-7e18c0a2\" data-id=\"7e18c0a2\" data-element_type=\"column\">\n\t\t\t<div class=\"elementor-column-wrap elementor-element-populated\">\n\t\t\t\t\t\t\t<div class=\"elementor-widget-wrap\">\n\t\t\t\t\t\t<div class=\"elementor-element elementor-element-121f151f elementor-widget elementor-widget-text-editor\" data-id=\"121f151f\" data-element_type=\"widget\" data-widget_type=\"text-editor.default\">\n\t\t\t\t<div class=\"elementor-widget-container\">\n\t\t\t\t\t<div class=\"elementor-text-editor elementor-clearfix\"><p><!-- wp:paragraph --><\/p>\n<p>Radix ist ein Kollektiv mit Sitzen in Wien und Nieder\u00f6sterreich und macht transformative Bildungsarbeit<\/p>\n<p><!-- \/wp:paragraph --><\/p>\n<p><!-- wp:paragraph --><\/p>\n<p>Unsere Bildungsangebote drehen sich um das Zusammenspiel von Gesellschaft, Nachhaltigkeit, Macht und Wirtschaft. <br \/>Im Kern geht es in unseren Workshops um sozial-\u00f6kologische Ver\u00e4nderung (Transformation) und Verantwortungs\u00fcbernahme gegen\u00fcber der Welt, unserem Umfeld und uns selbst. Daf\u00fcr blicken wir auf bestehende Ungerechtigkeiten und sozial-\u00f6kologische Krisen, fragen nach deren Wurzeln, und wie eine ganz andere, gerechtere Welt aussehen kann. Wir erkunden, wie Ver\u00e4nderungen in Richtung eines Guten Lebens f\u00fcr Alle m\u00f6glich werden k\u00f6nnen.<\/p>\n<p><!-- \/wp:paragraph --><\/p>\n<p><!-- wp:paragraph --><\/p>\n<p>Schreib uns gerne mit deiner <a href=\"https:\/\/kollektiv-radix.at\/index.php\/kontakt-2\/\">Anfrage<\/a>!<\/p>\n<p>\u00a0<\/p>\n<p><!-- \/wp:paragraph --><\/p><\/div>\n\t\t\t\t<\/div>\n\t\t\t\t<\/div>\n\t\t\t\t\t\t<\/div>\n\t\t\t\t\t<\/div>\n\t\t<\/div>\n\t\t\t\t\t\t\t\t<\/div>\n\t\t\t\t\t<\/div>\n\t\t<\/section>\n\t\t\t\t<section class=\"elementor-section elementor-top-section elementor-element elementor-element-34d02e3 elementor-section-boxed elementor-section-height-default elementor-section-height-default\" data-id=\"34d02e3\" data-element_type=\"section\">\n\t\t\t\t\t\t<div class=\"elementor-container elementor-column-gap-default\">\n\t\t\t\t\t\t\t<div class=\"elementor-row\">\n\t\t\t\t\t<div class=\"elementor-column elementor-col-100 elementor-top-column elementor-element elementor-element-7409a11\" data-id=\"7409a11\" data-element_type=\"column\">\n\t\t\t<div class=\"elementor-column-wrap elementor-element-populated\">\n\t\t\t\t\t\t\t<div class=\"elementor-widget-wrap\">\n\t\t\t\t\t\t<div class=\"elementor-element elementor-element-1c6891f elementor-widget elementor-widget-heading\" data-id=\"1c6891f\" data-element_type=\"widget\" data-widget_type=\"heading.default\">\n\t\t\t\t<div class=\"elementor-widget-container\">\n\t\t\t<h2 class=\"elementor-heading-title elementor-size-default\">Unsere n\u00e4chsten Workshops:<\/h2>\t\t<\/div>\n\t\t\t\t<\/div>\n\t\t\t\t\t\t<\/div>\n\t\t\t\t\t<\/div>\n\t\t<\/div>\n\t\t\t\t\t\t\t\t<\/div>\n\t\t\t\t\t<\/div>\n\t\t<\/section>\n\t\t\t\t<section class=\"elementor-section elementor-top-section elementor-element elementor-element-ab938b5 elementor-section-boxed elementor-section-height-default elementor-section-height-default\" data-id=\"ab938b5\" data-element_type=\"section\">\n\t\t\t\t\t\t<div class=\"elementor-container elementor-column-gap-default\">\n\t\t\t\t\t\t\t<div class=\"elementor-row\">\n\t\t\t\t\t<div class=\"elementor-column elementor-col-50 elementor-top-column elementor-element elementor-element-31f9023\" data-id=\"31f9023\" data-element_type=\"column\">\n\t\t\t<div class=\"elementor-column-wrap elementor-element-populated\">\n\t\t\t\t\t\t\t<div class=\"elementor-widget-wrap\">\n\t\t\t\t\t\t<div class=\"elementor-element elementor-element-8da8148 elementor-widget elementor-widget-image\" data-id=\"8da8148\" data-element_type=\"widget\" data-widget_type=\"image.default\">\n\t\t\t\t<div class=\"elementor-widget-container\">\n\t\t\t\t\t<div class=\"elementor-image\">\n\t\t\t\t\t\t\t\t\t\t\t<a href=\"https:\/\/kollektiv-radix.at\/index.php\/verlernen\/\">\n\t\t\t\t\t\t\t<img width=\"1024\" height=\"1024\" src=\"https:\/\/kollektiv-radix.at\/wp-content\/uploads\/2025\/07\/1-2-1024x1024.jpg\" class=\"attachment-large size-large\" alt=\"\" decoding=\"async\" loading=\"lazy\" srcset=\"https:\/\/kollektiv-radix.at\/wp-content\/uploads\/2025\/07\/1-2-1024x1024.jpg 1024w, https:\/\/kollektiv-radix.at\/wp-content\/uploads\/2025\/07\/1-2-300x300.jpg 300w, https:\/\/kollektiv-radix.at\/wp-content\/uploads\/2025\/07\/1-2-150x150.jpg 150w, https:\/\/kollektiv-radix.at\/wp-content\/uploads\/2025\/07\/1-2-768x768.jpg 768w, https:\/\/kollektiv-radix.at\/wp-content\/uploads\/2025\/07\/1-2-1536x1536.jpg 1536w, https:\/\/kollektiv-radix.at\/wp-content\/uploads\/2025\/07\/1-2-2048x2048.jpg 2048w, https:\/\/kollektiv-radix.at\/wp-content\/uploads\/2025\/07\/1-2-800x800.jpg 800w\" sizes=\"(max-width: 1024px) 100vw, 1024px\" \/>\t\t\t\t\t\t\t\t<\/a>\n\t\t\t\t\t\t\t\t\t\t\t<\/div>\n\t\t\t\t<\/div>\n\t\t\t\t<\/div>\n\t\t\t\t\t\t<\/div>\n\t\t\t\t\t<\/div>\n\t\t<\/div>\n\t\t\t\t<div class=\"elementor-column elementor-col-50 elementor-top-column elementor-element elementor-element-e0eecb7\" data-id=\"e0eecb7\" data-element_type=\"column\">\n\t\t\t<div class=\"elementor-column-wrap elementor-element-populated\">\n\t\t\t\t\t\t\t<div class=\"elementor-widget-wrap\">\n\t\t\t\t\t\t<div class=\"elementor-element elementor-element-d233933 elementor-widget elementor-widget-image\" data-id=\"d233933\" data-element_type=\"widget\" data-widget_type=\"image.default\">\n\t\t\t\t<div class=\"elementor-widget-container\">\n\t\t\t\t\t<div class=\"elementor-image\">\n\t\t\t\t\t\t\t\t\t\t\t<a href=\"https:\/\/kollektiv-radix.at\/index.php\/verlernen\/\">\n\t\t\t\t\t\t\t<img width=\"1024\" height=\"1024\" src=\"https:\/\/kollektiv-radix.at\/wp-content\/uploads\/2025\/07\/3-1-1024x1024.jpg\" class=\"attachment-large size-large\" alt=\"\" decoding=\"async\" loading=\"lazy\" srcset=\"https:\/\/kollektiv-radix.at\/wp-content\/uploads\/2025\/07\/3-1-1024x1024.jpg 1024w, https:\/\/kollektiv-radix.at\/wp-content\/uploads\/2025\/07\/3-1-300x300.jpg 300w, https:\/\/kollektiv-radix.at\/wp-content\/uploads\/2025\/07\/3-1-150x150.jpg 150w, https:\/\/kollektiv-radix.at\/wp-content\/uploads\/2025\/07\/3-1-768x768.jpg 768w, https:\/\/kollektiv-radix.at\/wp-content\/uploads\/2025\/07\/3-1-1536x1536.jpg 1536w, https:\/\/kollektiv-radix.at\/wp-content\/uploads\/2025\/07\/3-1-2048x2048.jpg 2048w, https:\/\/kollektiv-radix.at\/wp-content\/uploads\/2025\/07\/3-1-800x800.jpg 800w\" sizes=\"(max-width: 1024px) 100vw, 1024px\" \/>\t\t\t\t\t\t\t\t<\/a>\n\t\t\t\t\t\t\t\t\t\t\t<\/div>\n\t\t\t\t<\/div>\n\t\t\t\t<\/div>\n\t\t\t\t\t\t<\/div>\n\t\t\t\t\t<\/div>\n\t\t<\/div>\n\t\t\t\t\t\t\t\t<\/div>\n\t\t\t\t\t<\/div>\n\t\t<\/section>\n\t\t\t\t\t\t<\/div>\n\t\t\t\t\t\t<\/div>\n\t\t\t\t\t<\/div>\n\t\t","protected":false},"excerpt":{"rendered":"<p>Radix ist ein Kollektiv mit Sitzen in Wien und Nieder\u00f6sterreich und macht transformative Bildungsarbeit Unsere Bildungsangebote drehen sich um das Zusammenspiel von Gesellschaft, Nachhaltigkeit, Macht und Wirtschaft. Im Kern geht es in unseren Workshops um sozial-\u00f6kologische Ver\u00e4nderung (Transformation) und Verantwortungs\u00fcbernahme gegen\u00fcber der Welt, unserem Umfeld und uns selbst. Daf\u00fcr blicken wir auf bestehende Ungerechtigkeiten und sozial-\u00f6kologische Krisen, fragen nach deren<\/p>\n<p><a class=\"more-link\" href=\"https:\/\/kollektiv-radix.at\/\">Weiterlesen<\/a><\/p>\n","protected":false},"author":1,"featured_media":0,"parent":0,"menu_order":0,"comment_status":"closed","ping_status":"closed","template":"","meta":[],"yoast_head":"<!-- This site is optimized with the Yoast SEO plugin v15.3 - https:\/\/yoast.com\/wordpress\/plugins\/seo\/ -->\n<title>Willkommen bei radix! - radix<\/title>\n<meta name=\"robots\" content=\"index, follow, max-snippet:-1, max-image-preview:large, max-video-preview:-1\" \/>\n<link rel=\"canonical\" href=\"https:\/\/kollektiv-radix.at\/\" \/>\n<meta property=\"og:locale\" content=\"de_DE\" \/>\n<meta property=\"og:type\" content=\"article\" \/>\n<meta property=\"og:title\" content=\"Willkommen bei radix! - radix\" \/>\n<meta property=\"og:description\" content=\"Radix ist ein Kollektiv mit Sitzen in Wien und Nieder\u00f6sterreich und macht transformative Bildungsarbeit Unsere Bildungsangebote drehen sich um das Zusammenspiel von Gesellschaft, Nachhaltigkeit, Macht und Wirtschaft. Im Kern geht es in unseren Workshops um sozial-\u00f6kologische Ver\u00e4nderung (Transformation) und Verantwortungs\u00fcbernahme gegen\u00fcber der Welt, unserem Umfeld und uns selbst. Daf\u00fcr blicken wir auf bestehende Ungerechtigkeiten und sozial-\u00f6kologische Krisen, fragen nach derenWeiterlesen\" \/>\n<meta property=\"og:url\" content=\"https:\/\/kollektiv-radix.at\/\" \/>\n<meta property=\"og:site_name\" content=\"radix\" \/>\n<meta property=\"article:modified_time\" content=\"2025-09-29T15:19:46+00:00\" \/>\n<meta property=\"og:image\" content=\"https:\/\/kollektiv-radix.at\/wp-content\/uploads\/2025\/07\/1-2-1024x1024.jpg\" \/>\n<meta name=\"twitter:card\" content=\"summary_large_image\" \/>\n<meta name=\"twitter:label1\" content=\"Verfasst von\">\n\t<meta name=\"twitter:data1\" content=\"admin\">\n\t<meta name=\"twitter:label2\" content=\"Gesch\u00e4tzte Lesezeit\">\n\t<meta name=\"twitter:data2\" content=\"0\u00a0Minuten\">\n<script type=\"application\/ld+json\" class=\"yoast-schema-graph\">{\"@context\":\"https:\/\/schema.org\",\"@graph\":[{\"@type\":\"WebSite\",\"@id\":\"https:\/\/kollektiv-radix.at\/#website\",\"url\":\"https:\/\/kollektiv-radix.at\/\",\"name\":\"radix\",\"description\":\"Kollektiv f\\u00fcr transformative Bildung\",\"potentialAction\":[{\"@type\":\"SearchAction\",\"target\":\"https:\/\/kollektiv-radix.at\/?s={search_term_string}\",\"query-input\":\"required name=search_term_string\"}],\"inLanguage\":\"de\"},{\"@type\":\"ImageObject\",\"@id\":\"https:\/\/kollektiv-radix.at\/#primaryimage\",\"inLanguage\":\"de\",\"url\":\"https:\/\/kollektiv-radix.at\/wp-content\/uploads\/2025\/07\/1-2-scaled.jpg\",\"width\":2560,\"height\":2560},{\"@type\":\"WebPage\",\"@id\":\"https:\/\/kollektiv-radix.at\/#webpage\",\"url\":\"https:\/\/kollektiv-radix.at\/\",\"name\":\"Willkommen bei radix! - radix\",\"isPartOf\":{\"@id\":\"https:\/\/kollektiv-radix.at\/#website\"},\"primaryImageOfPage\":{\"@id\":\"https:\/\/kollektiv-radix.at\/#primaryimage\"},\"datePublished\":\"2020-01-16T23:00:54+00:00\",\"dateModified\":\"2025-09-29T15:19:46+00:00\",\"inLanguage\":\"de\",\"potentialAction\":[{\"@type\":\"ReadAction\",\"target\":[\"https:\/\/kollektiv-radix.at\/\"]}]}]}<\/script>\n<!-- \/ Yoast SEO plugin. -->","_links":{"self":[{"href":"https:\/\/kollektiv-radix.at\/index.php\/wp-json\/wp\/v2\/pages\/154"}],"collection":[{"href":"https:\/\/kollektiv-radix.at\/index.php\/wp-json\/wp\/v2\/pages"}],"about":[{"href":"https:\/\/kollektiv-radix.at\/index.php\/wp-json\/wp\/v2\/types\/page"}],"author":[{"embeddable":true,"href":"https:\/\/kollektiv-radix.at\/index.php\/wp-json\/wp\/v2\/users\/1"}],"replies":[{"embeddable":true,"href":"https:\/\/kollektiv-radix.at\/index.php\/wp-json\/wp\/v2\/comments?post=154"}],"version-history":[{"count":123,"href":"https:\/\/kollektiv-radix.at\/index.php\/wp-json\/wp\/v2\/pages\/154\/revisions"}],"predecessor-version":[{"id":1767,"href":"https:\/\/kollektiv-radix.at\/index.php\/wp-json\/wp\/v2\/pages\/154\/revisions\/1767"}],"wp:attachment":[{"href":"https:\/\/kollektiv-radix.at\/index.php\/wp-json\/wp\/v2\/media?parent=154"}],"curies":[{"name":"wp","href":"https:\/\/api.w.org\/{rel}","templated":true}]}}