{"id":1597,"date":"2025-06-19T15:16:12","date_gmt":"2025-06-19T15:16:12","guid":{"rendered":"https:\/\/kollektiv-radix.at\/?page_id=1597"},"modified":"2025-06-19T15:25:52","modified_gmt":"2025-06-19T15:25:52","slug":"queertopia-workshopreihe","status":"publish","type":"page","link":"https:\/\/kollektiv-radix.at\/index.php\/queertopia-workshopreihe\/","title":{"rendered":"Queertopia"},"content":{"rendered":"\t\t<div data-elementor-type=\"wp-page\" data-elementor-id=\"1597\" class=\"elementor elementor-1597\" data-elementor-settings=\"[]\">\n\t\t\t\t\t\t<div class=\"elementor-inner\">\n\t\t\t\t\t\t\t<div class=\"elementor-section-wrap\">\n\t\t\t\t\t\t\t<section class=\"elementor-section elementor-top-section elementor-element elementor-element-0dd1eaa elementor-section-boxed elementor-section-height-default elementor-section-height-default\" data-id=\"0dd1eaa\" data-element_type=\"section\">\n\t\t\t\t\t\t<div class=\"elementor-container elementor-column-gap-default\">\n\t\t\t\t\t\t\t<div class=\"elementor-row\">\n\t\t\t\t\t<div class=\"elementor-column elementor-col-100 elementor-top-column elementor-element elementor-element-5738914\" data-id=\"5738914\" data-element_type=\"column\">\n\t\t\t<div class=\"elementor-column-wrap elementor-element-populated\">\n\t\t\t\t\t\t\t<div class=\"elementor-widget-wrap\">\n\t\t\t\t\t\t<div class=\"elementor-element elementor-element-de42727 elementor-widget elementor-widget-heading\" data-id=\"de42727\" data-element_type=\"widget\" data-widget_type=\"heading.default\">\n\t\t\t\t<div class=\"elementor-widget-container\">\n\t\t\t<h2 class=\"elementor-heading-title elementor-size-default\">Queertopia - warum Queerness uns alle etwas angeht! <\/h2>\t\t<\/div>\n\t\t\t\t<\/div>\n\t\t\t\t\t\t<\/div>\n\t\t\t\t\t<\/div>\n\t\t<\/div>\n\t\t\t\t\t\t\t\t<\/div>\n\t\t\t\t\t<\/div>\n\t\t<\/section>\n\t\t\t\t<section class=\"elementor-section elementor-top-section elementor-element elementor-element-1ab1ee3 elementor-section-boxed elementor-section-height-default elementor-section-height-default\" data-id=\"1ab1ee3\" data-element_type=\"section\">\n\t\t\t\t\t\t<div class=\"elementor-container elementor-column-gap-default\">\n\t\t\t\t\t\t\t<div class=\"elementor-row\">\n\t\t\t\t\t<div class=\"elementor-column elementor-col-100 elementor-top-column elementor-element elementor-element-6f1307e\" data-id=\"6f1307e\" data-element_type=\"column\">\n\t\t\t<div class=\"elementor-column-wrap elementor-element-populated\">\n\t\t\t\t\t\t\t<div class=\"elementor-widget-wrap\">\n\t\t\t\t\t\t<div class=\"elementor-element elementor-element-adf1588 elementor-widget elementor-widget-text-editor\" data-id=\"adf1588\" data-element_type=\"widget\" data-widget_type=\"text-editor.default\">\n\t\t\t\t<div class=\"elementor-widget-container\">\n\t\t\t\t\t<div class=\"elementor-text-editor elementor-clearfix\"><p>Mit der Workshopreihe Queertopia haben wir verschiedene R\u00e4ume f\u00fcr unterschiedliche Menschen geschaffen, um sich mit Queerness auseinanderzusetzen, queere Lebensalternativen gemeinsam zu erkunden und Gemeinschaft aufzubauen.<\/p><p>\u00a0Denn Queerness geht uns alle etwas an!<\/p><\/div>\n\t\t\t\t<\/div>\n\t\t\t\t<\/div>\n\t\t\t\t\t\t<\/div>\n\t\t\t\t\t<\/div>\n\t\t<\/div>\n\t\t\t\t\t\t\t\t<\/div>\n\t\t\t\t\t<\/div>\n\t\t<\/section>\n\t\t\t\t<section class=\"elementor-section elementor-top-section elementor-element elementor-element-b41b86a elementor-section-boxed elementor-section-height-default elementor-section-height-default\" data-id=\"b41b86a\" data-element_type=\"section\">\n\t\t\t\t\t\t<div class=\"elementor-container elementor-column-gap-default\">\n\t\t\t\t\t\t\t<div class=\"elementor-row\">\n\t\t\t\t\t<div class=\"elementor-column elementor-col-33 elementor-top-column elementor-element elementor-element-2dc4dbe\" data-id=\"2dc4dbe\" data-element_type=\"column\">\n\t\t\t<div class=\"elementor-column-wrap elementor-element-populated\">\n\t\t\t\t\t\t\t<div class=\"elementor-widget-wrap\">\n\t\t\t\t\t\t<div class=\"elementor-element elementor-element-1c1d40e elementor-widget elementor-widget-image\" data-id=\"1c1d40e\" data-element_type=\"widget\" data-widget_type=\"image.default\">\n\t\t\t\t<div class=\"elementor-widget-container\">\n\t\t\t\t\t<div class=\"elementor-image\">\n\t\t\t\t\t\t\t\t\t\t<img width=\"819\" height=\"1024\" src=\"https:\/\/kollektiv-radix.at\/wp-content\/uploads\/2025\/05\/signal-2025-05-01-123002_002-819x1024.jpeg\" class=\"attachment-large size-large\" alt=\"\" decoding=\"async\" loading=\"lazy\" srcset=\"https:\/\/kollektiv-radix.at\/wp-content\/uploads\/2025\/05\/signal-2025-05-01-123002_002-819x1024.jpeg 819w, https:\/\/kollektiv-radix.at\/wp-content\/uploads\/2025\/05\/signal-2025-05-01-123002_002-240x300.jpeg 240w, https:\/\/kollektiv-radix.at\/wp-content\/uploads\/2025\/05\/signal-2025-05-01-123002_002-768x960.jpeg 768w, https:\/\/kollektiv-radix.at\/wp-content\/uploads\/2025\/05\/signal-2025-05-01-123002_002-800x1000.jpeg 800w, https:\/\/kollektiv-radix.at\/wp-content\/uploads\/2025\/05\/signal-2025-05-01-123002_002.jpeg 1080w\" sizes=\"(max-width: 819px) 100vw, 819px\" \/>\t\t\t\t\t\t\t\t\t\t\t<\/div>\n\t\t\t\t<\/div>\n\t\t\t\t<\/div>\n\t\t\t\t\t\t<\/div>\n\t\t\t\t\t<\/div>\n\t\t<\/div>\n\t\t\t\t<div class=\"elementor-column elementor-col-33 elementor-top-column elementor-element elementor-element-cd402b9\" data-id=\"cd402b9\" data-element_type=\"column\">\n\t\t\t<div class=\"elementor-column-wrap elementor-element-populated\">\n\t\t\t\t\t\t\t<div class=\"elementor-widget-wrap\">\n\t\t\t\t\t\t<div class=\"elementor-element elementor-element-23d944a elementor-widget elementor-widget-image\" data-id=\"23d944a\" data-element_type=\"widget\" data-widget_type=\"image.default\">\n\t\t\t\t<div class=\"elementor-widget-container\">\n\t\t\t\t\t<div class=\"elementor-image\">\n\t\t\t\t\t\t\t\t\t\t<img width=\"819\" height=\"1024\" src=\"https:\/\/kollektiv-radix.at\/wp-content\/uploads\/2025\/05\/Queertopia-WS-2-819x1024.png\" class=\"attachment-large size-large\" alt=\"\" decoding=\"async\" loading=\"lazy\" srcset=\"https:\/\/kollektiv-radix.at\/wp-content\/uploads\/2025\/05\/Queertopia-WS-2-819x1024.png 819w, https:\/\/kollektiv-radix.at\/wp-content\/uploads\/2025\/05\/Queertopia-WS-2-240x300.png 240w, https:\/\/kollektiv-radix.at\/wp-content\/uploads\/2025\/05\/Queertopia-WS-2-768x960.png 768w, https:\/\/kollektiv-radix.at\/wp-content\/uploads\/2025\/05\/Queertopia-WS-2-800x1000.png 800w, https:\/\/kollektiv-radix.at\/wp-content\/uploads\/2025\/05\/Queertopia-WS-2.png 1080w\" sizes=\"(max-width: 819px) 100vw, 819px\" \/>\t\t\t\t\t\t\t\t\t\t\t<\/div>\n\t\t\t\t<\/div>\n\t\t\t\t<\/div>\n\t\t\t\t\t\t<\/div>\n\t\t\t\t\t<\/div>\n\t\t<\/div>\n\t\t\t\t<div class=\"elementor-column elementor-col-33 elementor-top-column elementor-element elementor-element-98adc56\" data-id=\"98adc56\" data-element_type=\"column\">\n\t\t\t<div class=\"elementor-column-wrap elementor-element-populated\">\n\t\t\t\t\t\t\t<div class=\"elementor-widget-wrap\">\n\t\t\t\t\t\t<div class=\"elementor-element elementor-element-7a923af elementor-widget elementor-widget-image\" data-id=\"7a923af\" data-element_type=\"widget\" data-widget_type=\"image.default\">\n\t\t\t\t<div class=\"elementor-widget-container\">\n\t\t\t\t\t<div class=\"elementor-image\">\n\t\t\t\t\t\t\t\t\t\t<img width=\"819\" height=\"1024\" src=\"https:\/\/kollektiv-radix.at\/wp-content\/uploads\/2025\/06\/00_Queertopia_1-819x1024.png\" class=\"attachment-large size-large\" alt=\"\" decoding=\"async\" loading=\"lazy\" srcset=\"https:\/\/kollektiv-radix.at\/wp-content\/uploads\/2025\/06\/00_Queertopia_1-819x1024.png 819w, https:\/\/kollektiv-radix.at\/wp-content\/uploads\/2025\/06\/00_Queertopia_1-240x300.png 240w, https:\/\/kollektiv-radix.at\/wp-content\/uploads\/2025\/06\/00_Queertopia_1-768x960.png 768w, https:\/\/kollektiv-radix.at\/wp-content\/uploads\/2025\/06\/00_Queertopia_1-800x1000.png 800w, https:\/\/kollektiv-radix.at\/wp-content\/uploads\/2025\/06\/00_Queertopia_1.png 1080w\" sizes=\"(max-width: 819px) 100vw, 819px\" \/>\t\t\t\t\t\t\t\t\t\t\t<\/div>\n\t\t\t\t<\/div>\n\t\t\t\t<\/div>\n\t\t\t\t\t\t<\/div>\n\t\t\t\t\t<\/div>\n\t\t<\/div>\n\t\t\t\t\t\t\t\t<\/div>\n\t\t\t\t\t<\/div>\n\t\t<\/section>\n\t\t\t\t<section class=\"elementor-section elementor-top-section elementor-element elementor-element-bf88784 elementor-section-boxed elementor-section-height-default elementor-section-height-default\" data-id=\"bf88784\" data-element_type=\"section\">\n\t\t\t\t\t\t<div class=\"elementor-container elementor-column-gap-default\">\n\t\t\t\t\t\t\t<div class=\"elementor-row\">\n\t\t\t\t\t<div class=\"elementor-column elementor-col-33 elementor-top-column elementor-element elementor-element-ee83d39\" data-id=\"ee83d39\" data-element_type=\"column\">\n\t\t\t<div class=\"elementor-column-wrap elementor-element-populated\">\n\t\t\t\t\t\t\t<div class=\"elementor-widget-wrap\">\n\t\t\t\t\t\t<div class=\"elementor-element elementor-element-90d0186 elementor-widget elementor-widget-heading\" data-id=\"90d0186\" data-element_type=\"widget\" data-widget_type=\"heading.default\">\n\t\t\t\t<div class=\"elementor-widget-container\">\n\t\t\t<h2 class=\"elementor-heading-title elementor-size-default\">Workshop 1: \n\"Queer...was?\"<\/h2>\t\t<\/div>\n\t\t\t\t<\/div>\n\t\t\t\t<div class=\"elementor-element elementor-element-fbc5adf elementor-widget elementor-widget-text-editor\" data-id=\"fbc5adf\" data-element_type=\"widget\" data-widget_type=\"text-editor.default\">\n\t\t\t\t<div class=\"elementor-widget-container\">\n\t\t\t\t\t<div class=\"elementor-text-editor elementor-clearfix\"><div data-coolorigin=\"https%3A%2F%2Fcollabora.freiheitswolke.org%2Fcool%2Fclipboard%3FWOPISrc%3Dhttps%253A%252F%252Fcloud.freiheitswolke.org%252Findex.php%252Fapps%252Frichdocuments%252Fwopi%252Ffiles%252F39405505_oc86f5063dac%26ServerId%3D30879ccc%26ViewId%3D4%26Tag%3Dfa7a4dab5863e3f3\">\n<p>Los ging es mit dem ersten Workshop <strong>\u201eQueer\u2026was?\u201c<\/strong>, bei dem wir gemeinsam grundlegende Begriffe und Konzepte rund um Queerness, FLINTA*, LGBTQIA* &amp; Co. gemeinsam kl\u00e4ren \u2013 niedrigschwellig, offen und ohne notwendiges Vorwissen.<\/p>\n<\/div><\/div>\n\t\t\t\t<\/div>\n\t\t\t\t<\/div>\n\t\t\t\t\t\t<\/div>\n\t\t\t\t\t<\/div>\n\t\t<\/div>\n\t\t\t\t<div class=\"elementor-column elementor-col-33 elementor-top-column elementor-element elementor-element-4c91816\" data-id=\"4c91816\" data-element_type=\"column\">\n\t\t\t<div class=\"elementor-column-wrap elementor-element-populated\">\n\t\t\t\t\t\t\t<div class=\"elementor-widget-wrap\">\n\t\t\t\t\t\t<div class=\"elementor-element elementor-element-3ee7482 elementor-widget elementor-widget-heading\" data-id=\"3ee7482\" data-element_type=\"widget\" data-widget_type=\"heading.default\">\n\t\t\t\t<div class=\"elementor-widget-container\">\n\t\t\t<h2 class=\"elementor-heading-title elementor-size-default\">Workshop 2: Freund:innen bleiben!<div data-coolorigin=\"https%3A%2F%2Fcollabora.freiheitswolke.org%2Fcool%2Fclipboard%3FWOPISrc%3Dhttps%253A%252F%252Fcloud.freiheitswolke.org%252Findex.php%252Fapps%252Frichdocuments%252Fwopi%252Ffiles%252F39405505_oc86f5063dac%26ServerId%3D30879ccc%26ViewId%3D4%26Tag%3Dfa7a4dab5863e3f3\"><\/div><\/h2>\t\t<\/div>\n\t\t\t\t<\/div>\n\t\t\t\t<div class=\"elementor-element elementor-element-ea08d97 elementor-widget elementor-widget-text-editor\" data-id=\"ea08d97\" data-element_type=\"widget\" data-widget_type=\"text-editor.default\">\n\t\t\t\t<div class=\"elementor-widget-container\">\n\t\t\t\t\t<div class=\"elementor-text-editor elementor-clearfix\"><div data-coolorigin=\"https%3A%2F%2Fcollabora.freiheitswolke.org%2Fcool%2Fclipboard%3FWOPISrc%3Dhttps%253A%252F%252Fcloud.freiheitswolke.org%252Findex.php%252Fapps%252Frichdocuments%252Fwopi%252Ffiles%252F39405505_oc86f5063dac%26ServerId%3D30879ccc%26ViewId%3D4%26Tag%3Dfa7a4dab5863e3f3\">\n<p>Im zweiten Queertopia Workshop \u201cLasst uns Freund:innen bleiben!\u201d \nhaben wir uns gemeinsam aus einer queerfeministischen Perspektive damit \nauseinandersetzt, warum es Sinn machen kann, Freund:innenschaft im \neigenen Leben in den Mittelpunkt zu r\u00fccken, und wie das in der Praxis \nkonkret aussehen k\u00f6nnte.<\/p>\n<\/div>\n<p><br><\/p><\/div>\n\t\t\t\t<\/div>\n\t\t\t\t<\/div>\n\t\t\t\t\t\t<\/div>\n\t\t\t\t\t<\/div>\n\t\t<\/div>\n\t\t\t\t<div class=\"elementor-column elementor-col-33 elementor-top-column elementor-element elementor-element-373d051\" data-id=\"373d051\" data-element_type=\"column\">\n\t\t\t<div class=\"elementor-column-wrap elementor-element-populated\">\n\t\t\t\t\t\t\t<div class=\"elementor-widget-wrap\">\n\t\t\t\t\t\t<div class=\"elementor-element elementor-element-43f5134 elementor-widget elementor-widget-heading\" data-id=\"43f5134\" data-element_type=\"widget\" data-widget_type=\"heading.default\">\n\t\t\t\t<div class=\"elementor-widget-container\">\n\t\t\t<h2 class=\"elementor-heading-title elementor-size-default\">Workshop 3:\nTIN*-Stories<\/h2>\t\t<\/div>\n\t\t\t\t<\/div>\n\t\t\t\t<div class=\"elementor-element elementor-element-f164857 elementor-widget elementor-widget-text-editor\" data-id=\"f164857\" data-element_type=\"widget\" data-widget_type=\"text-editor.default\">\n\t\t\t\t<div class=\"elementor-widget-container\">\n\t\t\t\t\t<div class=\"elementor-text-editor elementor-clearfix\"><div id=\"meta-origin\" data-coolorigin=\"https%3A%2F%2Fcollabora.freiheitswolke.org%2Fcool%2Fclipboard%3FWOPISrc%3Dhttps%253A%252F%252Fcloud.freiheitswolke.org%252Findex.php%252Fapps%252Frichdocuments%252Fwopi%252Ffiles%252F39405505_oc86f5063dac%26ServerId%3D30879ccc%26ViewId%3D4%26Tag%3D94d67ac93428909d\"><p>As TIN* (trans, inter, non-binary) people, we often find ourselves isolated or moving only within our closest circles. With this TRANS-generational workshop, we want to open up space to connect across different TIN* life experiences and generations. Let&#8217;s explore theirstory in Vienna together!<\/p><\/div><\/div>\n\t\t\t\t<\/div>\n\t\t\t\t<\/div>\n\t\t\t\t\t\t<\/div>\n\t\t\t\t\t<\/div>\n\t\t<\/div>\n\t\t\t\t\t\t\t\t<\/div>\n\t\t\t\t\t<\/div>\n\t\t<\/section>\n\t\t\t\t<section class=\"elementor-section elementor-top-section elementor-element elementor-element-4eaa911 elementor-section-boxed elementor-section-height-default elementor-section-height-default\" data-id=\"4eaa911\" data-element_type=\"section\">\n\t\t\t\t\t\t<div class=\"elementor-container elementor-column-gap-default\">\n\t\t\t\t\t\t\t<div class=\"elementor-row\">\n\t\t\t\t\t<div class=\"elementor-column elementor-col-100 elementor-top-column elementor-element elementor-element-d7bbdc9\" data-id=\"d7bbdc9\" data-element_type=\"column\">\n\t\t\t<div class=\"elementor-column-wrap elementor-element-populated\">\n\t\t\t\t\t\t\t<div class=\"elementor-widget-wrap\">\n\t\t\t\t\t\t<div class=\"elementor-element elementor-element-04a3012 elementor-widget elementor-widget-text-editor\" data-id=\"04a3012\" data-element_type=\"widget\" data-widget_type=\"text-editor.default\">\n\t\t\t\t<div class=\"elementor-widget-container\">\n\t\t\t\t\t<div class=\"elementor-text-editor elementor-clearfix\"><p>Gef\u00f6rdert und erm\u00f6glicht von der \u00d6sterreichischen Gesellschaft f\u00fcr politische Bildung und der \u00d6sterreichischen Hochsch\u00fcler_innenschaft<\/p><\/div>\n\t\t\t\t<\/div>\n\t\t\t\t<\/div>\n\t\t\t\t\t\t<\/div>\n\t\t\t\t\t<\/div>\n\t\t<\/div>\n\t\t\t\t\t\t\t\t<\/div>\n\t\t\t\t\t<\/div>\n\t\t<\/section>\n\t\t\t\t<section class=\"elementor-section elementor-top-section elementor-element elementor-element-67bc538 elementor-section-boxed elementor-section-height-default elementor-section-height-default\" data-id=\"67bc538\" data-element_type=\"section\">\n\t\t\t\t\t\t<div class=\"elementor-container elementor-column-gap-default\">\n\t\t\t\t\t\t\t<div class=\"elementor-row\">\n\t\t\t\t\t<div class=\"elementor-column elementor-col-50 elementor-top-column elementor-element elementor-element-aeca3d9\" data-id=\"aeca3d9\" data-element_type=\"column\">\n\t\t\t<div class=\"elementor-column-wrap elementor-element-populated\">\n\t\t\t\t\t\t\t<div class=\"elementor-widget-wrap\">\n\t\t\t\t\t\t<div class=\"elementor-element elementor-element-21802e7 elementor-widget elementor-widget-image\" data-id=\"21802e7\" data-element_type=\"widget\" data-widget_type=\"image.default\">\n\t\t\t\t<div class=\"elementor-widget-container\">\n\t\t\t\t\t<div class=\"elementor-image\">\n\t\t\t\t\t\t\t\t\t\t<img width=\"1024\" height=\"285\" src=\"https:\/\/kollektiv-radix.at\/wp-content\/uploads\/2025\/06\/logo_oegpb_freigestellt-1024x285.gif\" class=\"attachment-large size-large\" alt=\"\" decoding=\"async\" loading=\"lazy\" srcset=\"https:\/\/kollektiv-radix.at\/wp-content\/uploads\/2025\/06\/logo_oegpb_freigestellt-1024x285.gif 1024w, https:\/\/kollektiv-radix.at\/wp-content\/uploads\/2025\/06\/logo_oegpb_freigestellt-300x84.gif 300w, https:\/\/kollektiv-radix.at\/wp-content\/uploads\/2025\/06\/logo_oegpb_freigestellt-768x214.gif 768w, https:\/\/kollektiv-radix.at\/wp-content\/uploads\/2025\/06\/logo_oegpb_freigestellt-800x223.gif 800w\" sizes=\"(max-width: 1024px) 100vw, 1024px\" \/>\t\t\t\t\t\t\t\t\t\t\t<\/div>\n\t\t\t\t<\/div>\n\t\t\t\t<\/div>\n\t\t\t\t\t\t<\/div>\n\t\t\t\t\t<\/div>\n\t\t<\/div>\n\t\t\t\t<div class=\"elementor-column elementor-col-50 elementor-top-column elementor-element elementor-element-09a0a44\" data-id=\"09a0a44\" data-element_type=\"column\">\n\t\t\t<div class=\"elementor-column-wrap elementor-element-populated\">\n\t\t\t\t\t\t\t<div class=\"elementor-widget-wrap\">\n\t\t\t\t\t\t<div class=\"elementor-element elementor-element-3667c5f elementor-widget elementor-widget-image\" data-id=\"3667c5f\" data-element_type=\"widget\" data-widget_type=\"image.default\">\n\t\t\t\t<div class=\"elementor-widget-container\">\n\t\t\t\t\t<div class=\"elementor-image\">\n\t\t\t\t\t\t\t\t\t\t<img width=\"1024\" height=\"262\" src=\"https:\/\/kollektiv-radix.at\/wp-content\/uploads\/2023\/09\/oeh_logosubline_blue_rgb_oest-hochschueler_innenschaft-1024x262.png\" class=\"attachment-large size-large\" alt=\"\" decoding=\"async\" loading=\"lazy\" srcset=\"https:\/\/kollektiv-radix.at\/wp-content\/uploads\/2023\/09\/oeh_logosubline_blue_rgb_oest-hochschueler_innenschaft-1024x262.png 1024w, https:\/\/kollektiv-radix.at\/wp-content\/uploads\/2023\/09\/oeh_logosubline_blue_rgb_oest-hochschueler_innenschaft-300x77.png 300w, https:\/\/kollektiv-radix.at\/wp-content\/uploads\/2023\/09\/oeh_logosubline_blue_rgb_oest-hochschueler_innenschaft-768x197.png 768w, https:\/\/kollektiv-radix.at\/wp-content\/uploads\/2023\/09\/oeh_logosubline_blue_rgb_oest-hochschueler_innenschaft-1536x394.png 1536w, https:\/\/kollektiv-radix.at\/wp-content\/uploads\/2023\/09\/oeh_logosubline_blue_rgb_oest-hochschueler_innenschaft-2048x525.png 2048w, https:\/\/kollektiv-radix.at\/wp-content\/uploads\/2023\/09\/oeh_logosubline_blue_rgb_oest-hochschueler_innenschaft-800x205.png 800w\" sizes=\"(max-width: 1024px) 100vw, 1024px\" \/>\t\t\t\t\t\t\t\t\t\t\t<\/div>\n\t\t\t\t<\/div>\n\t\t\t\t<\/div>\n\t\t\t\t\t\t<\/div>\n\t\t\t\t\t<\/div>\n\t\t<\/div>\n\t\t\t\t\t\t\t\t<\/div>\n\t\t\t\t\t<\/div>\n\t\t<\/section>\n\t\t\t\t\t\t<\/div>\n\t\t\t\t\t\t<\/div>\n\t\t\t\t\t<\/div>\n\t\t","protected":false},"excerpt":{"rendered":"<p>Queertopia &#8211; warum Queerness uns alle etwas angeht! Mit der Workshopreihe Queertopia haben wir verschiedene R\u00e4ume f\u00fcr unterschiedliche Menschen geschaffen, um sich mit Queerness auseinanderzusetzen, queere Lebensalternativen gemeinsam zu erkunden und Gemeinschaft aufzubauen. \u00a0Denn Queerness geht uns alle etwas an! Workshop 1: &#8222;Queer&#8230;was?&#8220; Los ging es mit dem ersten Workshop \u201eQueer\u2026was?\u201c, bei dem wir gemeinsam grundlegende Begriffe und Konzepte rund<\/p>\n<p><a class=\"more-link\" href=\"https:\/\/kollektiv-radix.at\/index.php\/queertopia-workshopreihe\/\">Weiterlesen<\/a><\/p>\n","protected":false},"author":5,"featured_media":0,"parent":0,"menu_order":0,"comment_status":"closed","ping_status":"closed","template":"","meta":[],"yoast_head":"<!-- This site is optimized with the Yoast SEO plugin v15.3 - https:\/\/yoast.com\/wordpress\/plugins\/seo\/ -->\n<title>Queertopia - radix<\/title>\n<meta name=\"robots\" content=\"index, follow, max-snippet:-1, max-image-preview:large, max-video-preview:-1\" \/>\n<link rel=\"canonical\" href=\"https:\/\/kollektiv-radix.at\/index.php\/queertopia-workshopreihe\/\" \/>\n<meta property=\"og:locale\" content=\"de_DE\" \/>\n<meta property=\"og:type\" content=\"article\" \/>\n<meta property=\"og:title\" content=\"Queertopia - radix\" \/>\n<meta property=\"og:description\" content=\"Queertopia &#8211; warum Queerness uns alle etwas angeht! Mit der Workshopreihe Queertopia haben wir verschiedene R\u00e4ume f\u00fcr unterschiedliche Menschen geschaffen, um sich mit Queerness auseinanderzusetzen, queere Lebensalternativen gemeinsam zu erkunden und Gemeinschaft aufzubauen. \u00a0Denn Queerness geht uns alle etwas an! Workshop 1: &#8222;Queer&#8230;was?&#8220; Los ging es mit dem ersten Workshop \u201eQueer\u2026was?\u201c, bei dem wir gemeinsam grundlegende Begriffe und Konzepte rundWeiterlesen\" \/>\n<meta property=\"og:url\" content=\"https:\/\/kollektiv-radix.at\/index.php\/queertopia-workshopreihe\/\" \/>\n<meta property=\"og:site_name\" content=\"radix\" \/>\n<meta property=\"article:modified_time\" content=\"2025-06-19T15:25:52+00:00\" \/>\n<meta property=\"og:image\" content=\"https:\/\/kollektiv-radix.at\/wp-content\/uploads\/2025\/05\/signal-2025-05-01-123002_002-819x1024.jpeg\" \/>\n<meta name=\"twitter:card\" content=\"summary_large_image\" \/>\n<meta name=\"twitter:label1\" content=\"Verfasst von\">\n\t<meta name=\"twitter:data1\" content=\"radix zugang allgemein\">\n\t<meta name=\"twitter:label2\" content=\"Gesch\u00e4tzte Lesezeit\">\n\t<meta name=\"twitter:data2\" content=\"1\u00a0Minute\">\n<script type=\"application\/ld+json\" class=\"yoast-schema-graph\">{\"@context\":\"https:\/\/schema.org\",\"@graph\":[{\"@type\":\"WebSite\",\"@id\":\"https:\/\/kollektiv-radix.at\/#website\",\"url\":\"https:\/\/kollektiv-radix.at\/\",\"name\":\"radix\",\"description\":\"Kollektiv f\\u00fcr transformative Bildung\",\"potentialAction\":[{\"@type\":\"SearchAction\",\"target\":\"https:\/\/kollektiv-radix.at\/?s={search_term_string}\",\"query-input\":\"required name=search_term_string\"}],\"inLanguage\":\"de\"},{\"@type\":\"ImageObject\",\"@id\":\"https:\/\/kollektiv-radix.at\/index.php\/queertopia-workshopreihe\/#primaryimage\",\"inLanguage\":\"de\",\"url\":\"https:\/\/kollektiv-radix.at\/wp-content\/uploads\/2025\/05\/signal-2025-05-01-123002_002.jpeg\",\"width\":1080,\"height\":1350},{\"@type\":\"WebPage\",\"@id\":\"https:\/\/kollektiv-radix.at\/index.php\/queertopia-workshopreihe\/#webpage\",\"url\":\"https:\/\/kollektiv-radix.at\/index.php\/queertopia-workshopreihe\/\",\"name\":\"Queertopia - radix\",\"isPartOf\":{\"@id\":\"https:\/\/kollektiv-radix.at\/#website\"},\"primaryImageOfPage\":{\"@id\":\"https:\/\/kollektiv-radix.at\/index.php\/queertopia-workshopreihe\/#primaryimage\"},\"datePublished\":\"2025-06-19T15:16:12+00:00\",\"dateModified\":\"2025-06-19T15:25:52+00:00\",\"inLanguage\":\"de\",\"potentialAction\":[{\"@type\":\"ReadAction\",\"target\":[\"https:\/\/kollektiv-radix.at\/index.php\/queertopia-workshopreihe\/\"]}]}]}<\/script>\n<!-- \/ Yoast SEO plugin. -->","_links":{"self":[{"href":"https:\/\/kollektiv-radix.at\/index.php\/wp-json\/wp\/v2\/pages\/1597"}],"collection":[{"href":"https:\/\/kollektiv-radix.at\/index.php\/wp-json\/wp\/v2\/pages"}],"about":[{"href":"https:\/\/kollektiv-radix.at\/index.php\/wp-json\/wp\/v2\/types\/page"}],"author":[{"embeddable":true,"href":"https:\/\/kollektiv-radix.at\/index.php\/wp-json\/wp\/v2\/users\/5"}],"replies":[{"embeddable":true,"href":"https:\/\/kollektiv-radix.at\/index.php\/wp-json\/wp\/v2\/comments?post=1597"}],"version-history":[{"count":14,"href":"https:\/\/kollektiv-radix.at\/index.php\/wp-json\/wp\/v2\/pages\/1597\/revisions"}],"predecessor-version":[{"id":1617,"href":"https:\/\/kollektiv-radix.at\/index.php\/wp-json\/wp\/v2\/pages\/1597\/revisions\/1617"}],"wp:attachment":[{"href":"https:\/\/kollektiv-radix.at\/index.php\/wp-json\/wp\/v2\/media?parent=1597"}],"curies":[{"name":"wp","href":"https:\/\/api.w.org\/{rel}","templated":true}]}}