{"id":294,"date":"2021-01-13T14:48:43","date_gmt":"2021-01-13T14:48:43","guid":{"rendered":"https:\/\/kollektiv-radix.at\/?page_id=294"},"modified":"2021-02-02T14:25:30","modified_gmt":"2021-02-02T14:25:30","slug":"fuer-schuelerinnen-jugendliche","status":"publish","type":"page","link":"https:\/\/kollektiv-radix.at\/index.php\/fuer-schuelerinnen-jugendliche\/","title":{"rendered":"Sch\u00fcler*innen &#038; Jugendliche"},"content":{"rendered":"\t\t<div data-elementor-type=\"wp-page\" data-elementor-id=\"294\" class=\"elementor elementor-294\" data-elementor-settings=\"[]\">\n\t\t\t\t\t\t<div class=\"elementor-inner\">\n\t\t\t\t\t\t\t<div class=\"elementor-section-wrap\">\n\t\t\t\t\t\t\t<section class=\"elementor-section elementor-top-section elementor-element elementor-element-07b0ee8 elementor-section-boxed elementor-section-height-default elementor-section-height-default\" data-id=\"07b0ee8\" data-element_type=\"section\">\n\t\t\t\t\t\t<div class=\"elementor-container elementor-column-gap-default\">\n\t\t\t\t\t\t\t<div class=\"elementor-row\">\n\t\t\t\t\t<div class=\"elementor-column elementor-col-100 elementor-top-column elementor-element elementor-element-1296bab\" data-id=\"1296bab\" data-element_type=\"column\">\n\t\t\t<div class=\"elementor-column-wrap elementor-element-populated\">\n\t\t\t\t\t\t\t<div class=\"elementor-widget-wrap\">\n\t\t\t\t\t\t<div class=\"elementor-element elementor-element-4f8c78a elementor-widget elementor-widget-heading\" data-id=\"4f8c78a\" data-element_type=\"widget\" data-widget_type=\"heading.default\">\n\t\t\t\t<div class=\"elementor-widget-container\">\n\t\t\t<h2 class=\"elementor-heading-title elementor-size-default\">Workshops f\u00fcr Schulklassen und Jugendgruppen<\/h2>\t\t<\/div>\n\t\t\t\t<\/div>\n\t\t\t\t\t\t<\/div>\n\t\t\t\t\t<\/div>\n\t\t<\/div>\n\t\t\t\t\t\t\t\t<\/div>\n\t\t\t\t\t<\/div>\n\t\t<\/section>\n\t\t\t\t<section class=\"elementor-section elementor-top-section elementor-element elementor-element-318c6084 elementor-section-boxed elementor-section-height-default elementor-section-height-default\" data-id=\"318c6084\" data-element_type=\"section\">\n\t\t\t\t\t\t<div class=\"elementor-container elementor-column-gap-default\">\n\t\t\t\t\t\t\t<div class=\"elementor-row\">\n\t\t\t\t\t<div class=\"elementor-column elementor-col-100 elementor-top-column elementor-element elementor-element-78811625\" data-id=\"78811625\" data-element_type=\"column\">\n\t\t\t<div class=\"elementor-column-wrap elementor-element-populated\">\n\t\t\t\t\t\t\t<div class=\"elementor-widget-wrap\">\n\t\t\t\t\t\t<div class=\"elementor-element elementor-element-2d1fddaa elementor-widget elementor-widget-text-editor\" data-id=\"2d1fddaa\" data-element_type=\"widget\" data-widget_type=\"text-editor.default\">\n\t\t\t\t<div class=\"elementor-widget-container\">\n\t\t\t\t\t<div class=\"elementor-text-editor elementor-clearfix\"><!-- wp:paragraph -->\n<p><em>Folgende Workshops bieten wir f\u00fcr jegliche Schulformen ab Klassenstufe 7 an. Ebenso gern kommen wir au\u00dferhalb der Schule in Jugendgruppen, Jugendzentren oder andere R\u00e4ume.<\/em><\/p>\n<!-- \/wp:paragraph --><\/div>\n\t\t\t\t<\/div>\n\t\t\t\t<\/div>\n\t\t\t\t\t\t<\/div>\n\t\t\t\t\t<\/div>\n\t\t<\/div>\n\t\t\t\t\t\t\t\t<\/div>\n\t\t\t\t\t<\/div>\n\t\t<\/section>\n\t\t\t\t<section class=\"elementor-section elementor-top-section elementor-element elementor-element-5b0b57e7 elementor-section-boxed elementor-section-height-default elementor-section-height-default\" data-id=\"5b0b57e7\" data-element_type=\"section\">\n\t\t\t\t\t\t<div class=\"elementor-container elementor-column-gap-default\">\n\t\t\t\t\t\t\t<div class=\"elementor-row\">\n\t\t\t\t\t<div class=\"elementor-column elementor-col-100 elementor-top-column elementor-element elementor-element-1622c4f2\" data-id=\"1622c4f2\" data-element_type=\"column\">\n\t\t\t<div class=\"elementor-column-wrap elementor-element-populated\">\n\t\t\t\t\t\t\t<div class=\"elementor-widget-wrap\">\n\t\t\t\t\t\t<div class=\"elementor-element elementor-element-1af5968f elementor-widget elementor-widget-toggle\" data-id=\"1af5968f\" data-element_type=\"widget\" data-widget_type=\"toggle.default\">\n\t\t\t\t<div class=\"elementor-widget-container\">\n\t\t\t\t\t<div class=\"elementor-toggle\" role=\"tablist\">\n\t\t\t\t\t\t\t<div class=\"elementor-toggle-item\">\n\t\t\t\t\t<div id=\"elementor-tab-title-4521\" class=\"elementor-tab-title\" data-tab=\"1\" role=\"tab\" aria-controls=\"elementor-tab-content-4521\">\n\t\t\t\t\t\t\t\t\t\t\t\t<span class=\"elementor-toggle-icon elementor-toggle-icon-left\" aria-hidden=\"true\">\n\t\t\t\t\t\t\t\t\t\t\t\t\t\t\t<span class=\"elementor-toggle-icon-closed\"><i class=\"fas fa-caret-right\"><\/i><\/span>\n\t\t\t\t\t\t\t\t<span class=\"elementor-toggle-icon-opened\"><i class=\"elementor-toggle-icon-opened fas fa-caret-up\"><\/i><\/span>\n\t\t\t\t\t\t\t\t\t\t\t\t\t<\/span>\n\t\t\t\t\t\t\t\t\t\t\t\t<a href=\"\" class=\"elementor-toggle-title\">Endlich Wachstum?!<\/a>\n\t\t\t\t\t<\/div>\n\t\t\t\t\t<div id=\"elementor-tab-content-4521\" class=\"elementor-tab-content elementor-clearfix\" data-tab=\"1\" role=\"tabpanel\" aria-labelledby=\"elementor-tab-title-4521\"><p>Unendliches Wirtschaftswachstum auf einem begrenzten Planeten? Wie soll das gehen? Aber was w\u00e4chst eigentlich, wenn die Wirtschaft w\u00e4chst? Wo st\u00f6\u00dft das Wirtschaftswachstum an Grenzen \u2013 an \u00f6kologische Grenzen, aber auch soziale Grenzen? Und was hat das alles mit der Klimakrise zu tun? Wir halten genau an dieser Verkn\u00fcpfung zwischen Wirtschaftswachstum und Klimakrise die Lupe hin und fragen: wie sieht wohl eine gerechte Wirtschaft ohne Wachstum aus?<br \/><em>Dauer: zwischen 100 min. und 3 Stunden, je nach Setting.<\/em><\/p>\n<p>**inspiriert durch die Bildungsmaterialien<a href=\"https:\/\/www.endlich-wachstum.de\/\"> endlich-wachstum<\/a><\/p>\n<p><!-- \/wp:paragraph --><!-- wp:heading {\"level\":3} --><\/p><\/div>\n\t\t\t\t<\/div>\n\t\t\t\t\t\t\t<div class=\"elementor-toggle-item\">\n\t\t\t\t\t<div id=\"elementor-tab-title-4522\" class=\"elementor-tab-title\" data-tab=\"2\" role=\"tab\" aria-controls=\"elementor-tab-content-4522\">\n\t\t\t\t\t\t\t\t\t\t\t\t<span class=\"elementor-toggle-icon elementor-toggle-icon-left\" aria-hidden=\"true\">\n\t\t\t\t\t\t\t\t\t\t\t\t\t\t\t<span class=\"elementor-toggle-icon-closed\"><i class=\"fas fa-caret-right\"><\/i><\/span>\n\t\t\t\t\t\t\t\t<span class=\"elementor-toggle-icon-opened\"><i class=\"elementor-toggle-icon-opened fas fa-caret-up\"><\/i><\/span>\n\t\t\t\t\t\t\t\t\t\t\t\t\t<\/span>\n\t\t\t\t\t\t\t\t\t\t\t\t<a href=\"\" class=\"elementor-toggle-title\">Systemische Antworten auf die Klimakrise<\/a>\n\t\t\t\t\t<\/div>\n\t\t\t\t\t<div id=\"elementor-tab-content-4522\" class=\"elementor-tab-content elementor-clearfix\" data-tab=\"2\" role=\"tabpanel\" aria-labelledby=\"elementor-tab-title-4522\"><p><!-- \/wp:heading --><!-- wp:paragraph --><\/p>\n<p>Wie gro\u00df ist eigentlich mein pers\u00f6nlicher \u00f6kologischer Fu\u00dfabdruck? Und was hat der jetzt alles mit unserer Gesellschaft und unserer Wirtschaft zu tun? Und warum ist es manchmal so schwer, ihn pers\u00f6nlich zu beeinflussen? Wir berechnen unseren \u00f6kologischen Fu\u00dfabdruck und ziehen mit Hilfe der Ergebnisse einen Zusammenhang zwischen unserem Konsum und lokalen wie globalen gesellschaftlichen Verh\u00e4ltnissen. Dabei sind uns besonders wichtig, die Klimakrise als Konsequenz eines ungerechten Wirtschaftssystems zu verstehen und individualistische L\u00f6sungsans\u00e4tze zu hinterfragen.<br \/><em>Dauer: zwischen 100 min. und 3 Stunden, je nach Setting.<\/em><\/p><\/div>\n\t\t\t\t<\/div>\n\t\t\t\t\t<\/div>\n\t\t\t\t<\/div>\n\t\t\t\t<\/div>\n\t\t\t\t\t\t<\/div>\n\t\t\t\t\t<\/div>\n\t\t<\/div>\n\t\t\t\t\t\t\t\t<\/div>\n\t\t\t\t\t<\/div>\n\t\t<\/section>\n\t\t\t\t\t\t<\/div>\n\t\t\t\t\t\t<\/div>\n\t\t\t\t\t<\/div>\n\t\t","protected":false},"excerpt":{"rendered":"<p>Workshops f\u00fcr Schulklassen und Jugendgruppen Folgende Workshops bieten wir f\u00fcr jegliche Schulformen ab Klassenstufe 7 an. Ebenso gern kommen wir au\u00dferhalb der Schule in Jugendgruppen, Jugendzentren oder andere R\u00e4ume. Endlich Wachstum?! Unendliches Wirtschaftswachstum auf einem begrenzten Planeten? Wie soll das gehen? Aber was w\u00e4chst eigentlich, wenn die Wirtschaft w\u00e4chst? Wo st\u00f6\u00dft das Wirtschaftswachstum an Grenzen \u2013 an \u00f6kologische Grenzen, aber<\/p>\n<p><a class=\"more-link\" href=\"https:\/\/kollektiv-radix.at\/index.php\/fuer-schuelerinnen-jugendliche\/\">Weiterlesen<\/a><\/p>\n","protected":false},"author":4,"featured_media":0,"parent":0,"menu_order":0,"comment_status":"closed","ping_status":"closed","template":"","meta":[],"yoast_head":"<!-- This site is optimized with the Yoast SEO plugin v15.3 - https:\/\/yoast.com\/wordpress\/plugins\/seo\/ -->\n<title>Sch\u00fcler*innen &amp; Jugendliche - radix<\/title>\n<meta name=\"robots\" content=\"index, follow, max-snippet:-1, max-image-preview:large, max-video-preview:-1\" \/>\n<link rel=\"canonical\" href=\"https:\/\/kollektiv-radix.at\/index.php\/fuer-schuelerinnen-jugendliche\/\" \/>\n<meta property=\"og:locale\" content=\"de_DE\" \/>\n<meta property=\"og:type\" content=\"article\" \/>\n<meta property=\"og:title\" content=\"Sch\u00fcler*innen &amp; Jugendliche - radix\" \/>\n<meta property=\"og:description\" content=\"Workshops f\u00fcr Schulklassen und Jugendgruppen Folgende Workshops bieten wir f\u00fcr jegliche Schulformen ab Klassenstufe 7 an. Ebenso gern kommen wir au\u00dferhalb der Schule in Jugendgruppen, Jugendzentren oder andere R\u00e4ume. Endlich Wachstum?! Unendliches Wirtschaftswachstum auf einem begrenzten Planeten? Wie soll das gehen? Aber was w\u00e4chst eigentlich, wenn die Wirtschaft w\u00e4chst? Wo st\u00f6\u00dft das Wirtschaftswachstum an Grenzen \u2013 an \u00f6kologische Grenzen, aberWeiterlesen\" \/>\n<meta property=\"og:url\" content=\"https:\/\/kollektiv-radix.at\/index.php\/fuer-schuelerinnen-jugendliche\/\" \/>\n<meta property=\"og:site_name\" content=\"radix\" \/>\n<meta property=\"article:modified_time\" content=\"2021-02-02T14:25:30+00:00\" \/>\n<meta name=\"twitter:card\" content=\"summary_large_image\" \/>\n<meta name=\"twitter:label1\" content=\"Verfasst von\">\n\t<meta name=\"twitter:data1\" content=\"Sven\">\n\t<meta name=\"twitter:label2\" content=\"Gesch\u00e4tzte Lesezeit\">\n\t<meta name=\"twitter:data2\" content=\"1\u00a0Minute\">\n<script type=\"application\/ld+json\" class=\"yoast-schema-graph\">{\"@context\":\"https:\/\/schema.org\",\"@graph\":[{\"@type\":\"WebSite\",\"@id\":\"https:\/\/kollektiv-radix.at\/#website\",\"url\":\"https:\/\/kollektiv-radix.at\/\",\"name\":\"radix\",\"description\":\"Kollektiv f\\u00fcr transformative Bildung\",\"potentialAction\":[{\"@type\":\"SearchAction\",\"target\":\"https:\/\/kollektiv-radix.at\/?s={search_term_string}\",\"query-input\":\"required name=search_term_string\"}],\"inLanguage\":\"de\"},{\"@type\":\"WebPage\",\"@id\":\"https:\/\/kollektiv-radix.at\/index.php\/fuer-schuelerinnen-jugendliche\/#webpage\",\"url\":\"https:\/\/kollektiv-radix.at\/index.php\/fuer-schuelerinnen-jugendliche\/\",\"name\":\"Sch\\u00fcler*innen & Jugendliche - radix\",\"isPartOf\":{\"@id\":\"https:\/\/kollektiv-radix.at\/#website\"},\"datePublished\":\"2021-01-13T14:48:43+00:00\",\"dateModified\":\"2021-02-02T14:25:30+00:00\",\"inLanguage\":\"de\",\"potentialAction\":[{\"@type\":\"ReadAction\",\"target\":[\"https:\/\/kollektiv-radix.at\/index.php\/fuer-schuelerinnen-jugendliche\/\"]}]}]}<\/script>\n<!-- \/ Yoast SEO plugin. -->","_links":{"self":[{"href":"https:\/\/kollektiv-radix.at\/index.php\/wp-json\/wp\/v2\/pages\/294"}],"collection":[{"href":"https:\/\/kollektiv-radix.at\/index.php\/wp-json\/wp\/v2\/pages"}],"about":[{"href":"https:\/\/kollektiv-radix.at\/index.php\/wp-json\/wp\/v2\/types\/page"}],"author":[{"embeddable":true,"href":"https:\/\/kollektiv-radix.at\/index.php\/wp-json\/wp\/v2\/users\/4"}],"replies":[{"embeddable":true,"href":"https:\/\/kollektiv-radix.at\/index.php\/wp-json\/wp\/v2\/comments?post=294"}],"version-history":[{"count":30,"href":"https:\/\/kollektiv-radix.at\/index.php\/wp-json\/wp\/v2\/pages\/294\/revisions"}],"predecessor-version":[{"id":631,"href":"https:\/\/kollektiv-radix.at\/index.php\/wp-json\/wp\/v2\/pages\/294\/revisions\/631"}],"wp:attachment":[{"href":"https:\/\/kollektiv-radix.at\/index.php\/wp-json\/wp\/v2\/media?parent=294"}],"curies":[{"name":"wp","href":"https:\/\/api.w.org\/{rel}","templated":true}]}}

Schüler*innen &#038; Jugendliche

<div data-elementor-type="wp-page" data-elementor-id="294" class="elementor elementor-294" data-elementor-settings="[]">
						<div class="elementor-inner">
							<div class="elementor-section-wrap">
							<section class="elementor-section elementor-top-section elementor-element elementor-element-07b0ee8 elementor-section-boxed elementor-section-height-default elementor-section-height-default" data-id="07b0ee8" data-element_type="section">
						<div class="elementor-container elementor-column-gap-default">
							<div class="elementor-row">
					<div class="elementor-column elementor-col-100 elementor-top-column elementor-element elementor-element-1296bab" data-id="1296bab" data-element_type="column">
			<div class="elementor-column-wrap elementor-element-populated">
							<div class="elementor-widget-wrap">
						<div class="elementor-element elementor-element-4f8c78a elementor-widget elementor-widget-heading" data-id="4f8c78a" data-element_type="widget" data-widget_type="heading.default">
				<div class="elementor-widget-container">
			<h2 class="elementor-heading-title elementor-size-default">Workshops für Schulklassen und Jugendgruppen</h2>		</div>
				</div>
						</div>
					</div>
		</div>
								</div>
					</div>
		</section>
				<section class="elementor-section elementor-top-section elementor-element elementor-element-318c6084 elementor-section-boxed elementor-section-height-default elementor-section-height-default" data-id="318c6084" data-element_type="section">
						<div class="elementor-container elementor-column-gap-default">
							<div class="elementor-row">
					<div class="elementor-column elementor-col-100 elementor-top-column elementor-element elementor-element-78811625" data-id="78811625" data-element_type="column">
			<div class="elementor-column-wrap elementor-element-populated">
							<div class="elementor-widget-wrap">
						<div class="elementor-element elementor-element-2d1fddaa elementor-widget elementor-widget-text-editor" data-id="2d1fddaa" data-element_type="widget" data-widget_type="text-editor.default">
				<div class="elementor-widget-container">
					<div class="elementor-text-editor elementor-clearfix"><!-- wp:paragraph -->
<p><em>Folgende Workshops bieten wir für jegliche Schulformen ab Klassenstufe 7 an. Ebenso gern kommen wir außerhalb der Schule in Jugendgruppen, Jugendzentren oder andere Räume.</em></p>
<!-- /wp:paragraph --></div>
				</div>
				</div>
						</div>
					</div>
		</div>
								</div>
					</div>
		</section>
				<section class="elementor-section elementor-top-section elementor-element elementor-element-5b0b57e7 elementor-section-boxed elementor-section-height-default elementor-section-height-default" data-id="5b0b57e7" data-element_type="section">
						<div class="elementor-container elementor-column-gap-default">
							<div class="elementor-row">
					<div class="elementor-column elementor-col-100 elementor-top-column elementor-element elementor-element-1622c4f2" data-id="1622c4f2" data-element_type="column">
			<div class="elementor-column-wrap elementor-element-populated">
							<div class="elementor-widget-wrap">
						<div class="elementor-element elementor-element-1af5968f elementor-widget elementor-widget-toggle" data-id="1af5968f" data-element_type="widget" data-widget_type="toggle.default">
				<div class="elementor-widget-container">
					<div class="elementor-toggle" role="tablist">
							<div class="elementor-toggle-item">
					<div id="elementor-tab-title-4521" class="elementor-tab-title" data-tab="1" role="tab" aria-controls="elementor-tab-content-4521">
												<span class="elementor-toggle-icon elementor-toggle-icon-left" aria-hidden="true">
															<span class="elementor-toggle-icon-closed"><i class="fas fa-caret-right"></i></span>
								<span class="elementor-toggle-icon-opened"><i class="elementor-toggle-icon-opened fas fa-caret-up"></i></span>
													</span>
												<a href="" class="elementor-toggle-title">Endlich Wachstum?!</a>
					</div>
					<div id="elementor-tab-content-4521" class="elementor-tab-content elementor-clearfix" data-tab="1" role="tabpanel" aria-labelledby="elementor-tab-title-4521"><p>Unendliches Wirtschaftswachstum auf einem begrenzten Planeten? Wie soll das gehen? Aber was wächst eigentlich, wenn die Wirtschaft wächst? Wo stößt das Wirtschaftswachstum an Grenzen – an ökologische Grenzen, aber auch soziale Grenzen? Und was hat das alles mit der Klimakrise zu tun? Wir halten genau an dieser Verknüpfung zwischen Wirtschaftswachstum und Klimakrise die Lupe hin und fragen: wie sieht wohl eine gerechte Wirtschaft ohne Wachstum aus?<br /><em>Dauer: zwischen 100 min. und 3 Stunden, je nach Setting.</em></p>
<p>**inspiriert durch die Bildungsmaterialien<a href="https://www.endlich-wachstum.de/"> endlich-wachstum</a></p>
<p><!-- /wp:paragraph --><!-- wp:heading {"level":3} --></p></div>
				</div>
							<div class="elementor-toggle-item">
					<div id="elementor-tab-title-4522" class="elementor-tab-title" data-tab="2" role="tab" aria-controls="elementor-tab-content-4522">
												<span class="elementor-toggle-icon elementor-toggle-icon-left" aria-hidden="true">
															<span class="elementor-toggle-icon-closed"><i class="fas fa-caret-right"></i></span>
								<span class="elementor-toggle-icon-opened"><i class="elementor-toggle-icon-opened fas fa-caret-up"></i></span>
													</span>
												<a href="" class="elementor-toggle-title">Systemische Antworten auf die Klimakrise</a>
					</div>
					<div id="elementor-tab-content-4522" class="elementor-tab-content elementor-clearfix" data-tab="2" role="tabpanel" aria-labelledby="elementor-tab-title-4522"><p><!-- /wp:heading --><!-- wp:paragraph --></p>
<p>Wie groß ist eigentlich mein persönlicher ökologischer Fußabdruck? Und was hat der jetzt alles mit unserer Gesellschaft und unserer Wirtschaft zu tun? Und warum ist es manchmal so schwer, ihn persönlich zu beeinflussen? Wir berechnen unseren ökologischen Fußabdruck und ziehen mit Hilfe der Ergebnisse einen Zusammenhang zwischen unserem Konsum und lokalen wie globalen gesellschaftlichen Verhältnissen. Dabei sind uns besonders wichtig, die Klimakrise als Konsequenz eines ungerechten Wirtschaftssystems zu verstehen und individualistische Lösungsansätze zu hinterfragen.<br /><em>Dauer: zwischen 100 min. und 3 Stunden, je nach Setting.</em></p></div>
				</div>
					</div>
				</div>
				</div>
						</div>
					</div>
		</div>
								</div>
					</div>
		</section>
						</div>
						</div>
					</div>

<p>Workshops für Schulklassen und Jugendgruppen Folgende Workshops bieten wir für jegliche Schulformen ab Klassenstufe 7 an. Ebenso gern kommen wir außerhalb der Schule in Jugendgruppen, Jugendzentren oder andere Räume. Endlich Wachstum?! Unendliches Wirtschaftswachstum auf einem begrenzten Planeten? Wie soll das gehen? Aber was wächst eigentlich, wenn die Wirtschaft wächst? Wo stößt das Wirtschaftswachstum an Grenzen – an ökologische Grenzen, aber</p>
<p><a class="more-link" href="https://kollektiv-radix.at/index.php/fuer-schuelerinnen-jugendliche/">Weiterlesen</a></p>

<!-- This site is optimized with the Yoast SEO plugin v15.3 - https://yoast.com/wordpress/plugins/seo/ -->
<title>Schüler*innen &amp; Jugendliche - radix</title>
<meta name="robots" content="index, follow, max-snippet:-1, max-image-preview:large, max-video-preview:-1" />
<link rel="canonical" href="https://kollektiv-radix.at/index.php/fuer-schuelerinnen-jugendliche/" />
<meta property="og:locale" content="de_DE" />
<meta property="og:type" content="article" />
<meta property="og:title" content="Schüler*innen &amp; Jugendliche - radix" />
<meta property="og:description" content="Workshops für Schulklassen und Jugendgruppen Folgende Workshops bieten wir für jegliche Schulformen ab Klassenstufe 7 an. Ebenso gern kommen wir außerhalb der Schule in Jugendgruppen, Jugendzentren oder andere Räume. Endlich Wachstum?! Unendliches Wirtschaftswachstum auf einem begrenzten Planeten? Wie soll das gehen? Aber was wächst eigentlich, wenn die Wirtschaft wächst? Wo stößt das Wirtschaftswachstum an Grenzen – an ökologische Grenzen, aberWeiterlesen" />
<meta property="og:url" content="https://kollektiv-radix.at/index.php/fuer-schuelerinnen-jugendliche/" />
<meta property="og:site_name" content="radix" />
<meta property="article:modified_time" content="2021-02-02T14:25:30+00:00" />
<meta name="twitter:card" content="summary_large_image" />
<meta name="twitter:label1" content="Verfasst von">
	<meta name="twitter:data1" content="Sven">
	<meta name="twitter:label2" content="Geschätzte Lesezeit">
	<meta name="twitter:data2" content="1 Minute">
<script type="application/ld+json" class="yoast-schema-graph">{"@context":"https://schema.org","@graph":[{"@type":"WebSite","@id":"https://kollektiv-radix.at/#website","url":"https://kollektiv-radix.at/","name":"radix","description":"Kollektiv f\u00fcr transformative Bildung","potentialAction":[{"@type":"SearchAction","target":"https://kollektiv-radix.at/?s={search_term_string}","query-input":"required name=search_term_string"}],"inLanguage":"de"},{"@type":"WebPage","@id":"https://kollektiv-radix.at/index.php/fuer-schuelerinnen-jugendliche/#webpage","url":"https://kollektiv-radix.at/index.php/fuer-schuelerinnen-jugendliche/","name":"Sch\u00fcler*innen & Jugendliche - radix","isPartOf":{"@id":"https://kollektiv-radix.at/#website"},"datePublished":"2021-01-13T14:48:43+00:00","dateModified":"2021-02-02T14:25:30+00:00","inLanguage":"de","potentialAction":[{"@type":"ReadAction","target":["https://kollektiv-radix.at/index.php/fuer-schuelerinnen-jugendliche/"]}]}]}</script>
<!-- / Yoast SEO plugin. -->
