{"id":296,"date":"2021-01-13T14:49:12","date_gmt":"2021-01-13T14:49:12","guid":{"rendered":"https:\/\/kollektiv-radix.at\/?page_id=296"},"modified":"2022-06-23T08:35:17","modified_gmt":"2022-06-23T08:35:17","slug":"fuer-erwachsene","status":"publish","type":"page","link":"https:\/\/kollektiv-radix.at\/index.php\/fuer-erwachsene\/","title":{"rendered":"Workshops f\u00fcr Erwachsene"},"content":{"rendered":"\t\t<div data-elementor-type=\"wp-page\" data-elementor-id=\"296\" class=\"elementor elementor-296\" data-elementor-settings=\"[]\">\n\t\t\t\t\t\t<div class=\"elementor-inner\">\n\t\t\t\t\t\t\t<div class=\"elementor-section-wrap\">\n\t\t\t\t\t\t\t<section class=\"elementor-section elementor-top-section elementor-element elementor-element-3b2923b elementor-section-boxed elementor-section-height-default elementor-section-height-default\" data-id=\"3b2923b\" data-element_type=\"section\">\n\t\t\t\t\t\t<div class=\"elementor-container elementor-column-gap-default\">\n\t\t\t\t\t\t\t<div class=\"elementor-row\">\n\t\t\t\t\t<div class=\"elementor-column elementor-col-100 elementor-top-column elementor-element elementor-element-11f0e30\" data-id=\"11f0e30\" data-element_type=\"column\">\n\t\t\t<div class=\"elementor-column-wrap elementor-element-populated\">\n\t\t\t\t\t\t\t<div class=\"elementor-widget-wrap\">\n\t\t\t\t\t\t<div class=\"elementor-element elementor-element-9736ed7 elementor-widget elementor-widget-toggle\" data-id=\"9736ed7\" data-element_type=\"widget\" data-widget_type=\"toggle.default\">\n\t\t\t\t<div class=\"elementor-widget-container\">\n\t\t\t\t\t<div class=\"elementor-toggle\" role=\"tablist\">\n\t\t\t\t\t\t\t<div class=\"elementor-toggle-item\">\n\t\t\t\t\t<div id=\"elementor-tab-title-1581\" class=\"elementor-tab-title\" data-tab=\"1\" role=\"tab\" aria-controls=\"elementor-tab-content-1581\">\n\t\t\t\t\t\t\t\t\t\t\t\t<span class=\"elementor-toggle-icon elementor-toggle-icon-left\" aria-hidden=\"true\">\n\t\t\t\t\t\t\t\t\t\t\t\t\t\t\t<span class=\"elementor-toggle-icon-closed\"><i class=\"fas fa-caret-right\"><\/i><\/span>\n\t\t\t\t\t\t\t\t<span class=\"elementor-toggle-icon-opened\"><i class=\"elementor-toggle-icon-opened fas fa-caret-up\"><\/i><\/span>\n\t\t\t\t\t\t\t\t\t\t\t\t\t<\/span>\n\t\t\t\t\t\t\t\t\t\t\t\t<a href=\"\" class=\"elementor-toggle-title\">Arbeit anders denken<\/a>\n\t\t\t\t\t<\/div>\n\t\t\t\t\t<div id=\"elementor-tab-content-1581\" class=\"elementor-tab-content elementor-clearfix\" data-tab=\"1\" role=\"tabpanel\" aria-labelledby=\"elementor-tab-title-1581\"><p>Wir zerpfl\u00fccken den Arbeitsbegriff und setzen ihn neu wieder zusammen. Was ist Arbeit nochmal, und wie viel wollen wir davon? Was mache ich eigentlich den ganzen Tag? Welche Form(en) von Arbeit braucht es f\u00fcr die sozial-\u00f6kologische Transformation? Wer soll die machen? Und wer hat im moment eigentlich Zeit daf\u00fcr? Wir wollen uns all diese Fragen vorkn\u00f6pfen, und vielleicht die eine oder andere Antwort darauf finden. Dabei wird uns die \u201c4-in-1-Perspektive\u201d von Frigga Haug als ein Bezugspunkt dienen. An die Arbeit!<br \/><em>Dauer: zwischen 100 min. und 3 Stunden, je nach Setting.<\/em><\/p><\/div>\n\t\t\t\t<\/div>\n\t\t\t\t\t\t\t<div class=\"elementor-toggle-item\">\n\t\t\t\t\t<div id=\"elementor-tab-title-1582\" class=\"elementor-tab-title\" data-tab=\"2\" role=\"tab\" aria-controls=\"elementor-tab-content-1582\">\n\t\t\t\t\t\t\t\t\t\t\t\t<span class=\"elementor-toggle-icon elementor-toggle-icon-left\" aria-hidden=\"true\">\n\t\t\t\t\t\t\t\t\t\t\t\t\t\t\t<span class=\"elementor-toggle-icon-closed\"><i class=\"fas fa-caret-right\"><\/i><\/span>\n\t\t\t\t\t\t\t\t<span class=\"elementor-toggle-icon-opened\"><i class=\"elementor-toggle-icon-opened fas fa-caret-up\"><\/i><\/span>\n\t\t\t\t\t\t\t\t\t\t\t\t\t<\/span>\n\t\t\t\t\t\t\t\t\t\t\t\t<a href=\"\" class=\"elementor-toggle-title\">Endlich Wachstum?!<\/a>\n\t\t\t\t\t<\/div>\n\t\t\t\t\t<div id=\"elementor-tab-content-1582\" class=\"elementor-tab-content elementor-clearfix\" data-tab=\"2\" role=\"tabpanel\" aria-labelledby=\"elementor-tab-title-1582\"><p>In diesem Einf\u00fchrungsworkshop machen wir uns mit den<strong> Steigerungszw\u00e4ngen<\/strong> der kapitalistischen Gesellschaftsordnung und dem Denken von <strong>wachstumskritischen Ans\u00e4tzen<\/strong> vertraut. Was sind die <strong>Urspr\u00fcnge, Eigenheiten und Ziele<\/strong> der verschiedenen Str\u00f6mungen? Dabei schauen wir auf <strong>Gefahren und Potentiale<\/strong> der verschiedenen Perspektiven f\u00fcr einen emanzipatorischen Wandel zum Guten Leben f\u00fcr Alle! Letztlich stellt sich uns dann die Frage: L\u00e4sst sich mit diesen Debatten was bewegen? Und wenn ja, was?<\/p><\/div>\n\t\t\t\t<\/div>\n\t\t\t\t\t\t\t<div class=\"elementor-toggle-item\">\n\t\t\t\t\t<div id=\"elementor-tab-title-1583\" class=\"elementor-tab-title\" data-tab=\"3\" role=\"tab\" aria-controls=\"elementor-tab-content-1583\">\n\t\t\t\t\t\t\t\t\t\t\t\t<span class=\"elementor-toggle-icon elementor-toggle-icon-left\" aria-hidden=\"true\">\n\t\t\t\t\t\t\t\t\t\t\t\t\t\t\t<span class=\"elementor-toggle-icon-closed\"><i class=\"fas fa-caret-right\"><\/i><\/span>\n\t\t\t\t\t\t\t\t<span class=\"elementor-toggle-icon-opened\"><i class=\"elementor-toggle-icon-opened fas fa-caret-up\"><\/i><\/span>\n\t\t\t\t\t\t\t\t\t\t\t\t\t<\/span>\n\t\t\t\t\t\t\t\t\t\t\t\t<a href=\"\" class=\"elementor-toggle-title\">Caring4Future: Entw\u00fcrfe einer solidarischen Zukunft<\/a>\n\t\t\t\t\t<\/div>\n\t\t\t\t\t<div id=\"elementor-tab-content-1583\" class=\"elementor-tab-content elementor-clearfix\" data-tab=\"3\" role=\"tabpanel\" aria-labelledby=\"elementor-tab-title-1583\"><p>Medienberichte, Wahlplakate und die Demonstrationsschilder streikender Sch\u00fcler*innen erinnern uns regelm\u00e4\u00dfig daran, dass unsere Lebensweise \u00f6kologisch und sozial langfristig nicht tragbar ist. Damit die Wirtschaft weiter w\u00e4chst, werden vor allem Frauen*, Migrant*innen und die \u00f6kologischen Lebensgrundlagen ausgebeutet.<\/p><p>Aber was w\u00fcrden Kinder in einer Gesellschaft lernen, die F\u00fcrsorge in ihr Zentrum stellt? Unter welchen Bedingungen w\u00fcrden Menschen in so einer Gesellschaft altern? Und wie w\u00fcrde Arbeit aussehen, die sich an den Bed\u00fcrfnissen der Menschen und nicht an Profitmaximierung orientiert? In diesem interaktiven Workshop gehen wir diesen Fragen auf den Grund und er\u00f6ffnen den Raum, Elemente solidarischer Zukunftsentw\u00fcrfe zu diskutieren.<\/p><p><br \/>Zusammen mit der <a href=\"http:\/\/kauz-project.org\/\">Werktstatt f\u00fcr Klima, Arbeit und Zukunft (KAUZ)<\/a> erarbeiten wir ein Workshopformat, in dem wir Care (F\u00fcr-Sorge) ins Zentrum einer alternativen solidarischen Wirtschaftsweise stellen m\u00f6chten.<\/p><\/div>\n\t\t\t\t<\/div>\n\t\t\t\t\t<\/div>\n\t\t\t\t<\/div>\n\t\t\t\t<\/div>\n\t\t\t\t\t\t<\/div>\n\t\t\t\t\t<\/div>\n\t\t<\/div>\n\t\t\t\t\t\t\t\t<\/div>\n\t\t\t\t\t<\/div>\n\t\t<\/section>\n\t\t\t\t\t\t<\/div>\n\t\t\t\t\t\t<\/div>\n\t\t\t\t\t<\/div>\n\t\t","protected":false},"excerpt":{"rendered":"<p>Arbeit anders denken Wir zerpfl\u00fccken den Arbeitsbegriff und setzen ihn neu wieder zusammen. Was ist Arbeit nochmal, und wie viel wollen wir davon? Was mache ich eigentlich den ganzen Tag? Welche Form(en) von Arbeit braucht es f\u00fcr die sozial-\u00f6kologische Transformation? Wer soll die machen? Und wer hat im moment eigentlich Zeit daf\u00fcr? Wir wollen uns all diese Fragen vorkn\u00f6pfen, und<\/p>\n<p><a class=\"more-link\" href=\"https:\/\/kollektiv-radix.at\/index.php\/fuer-erwachsene\/\">Weiterlesen<\/a><\/p>\n","protected":false},"author":4,"featured_media":0,"parent":0,"menu_order":0,"comment_status":"closed","ping_status":"closed","template":"","meta":[],"yoast_head":"<!-- This site is optimized with the Yoast SEO plugin v15.3 - https:\/\/yoast.com\/wordpress\/plugins\/seo\/ -->\n<title>Workshops f\u00fcr Erwachsene - radix<\/title>\n<meta name=\"robots\" content=\"index, follow, max-snippet:-1, max-image-preview:large, max-video-preview:-1\" \/>\n<link rel=\"canonical\" href=\"https:\/\/kollektiv-radix.at\/index.php\/fuer-erwachsene\/\" \/>\n<meta property=\"og:locale\" content=\"de_DE\" \/>\n<meta property=\"og:type\" content=\"article\" \/>\n<meta property=\"og:title\" content=\"Workshops f\u00fcr Erwachsene - radix\" \/>\n<meta property=\"og:description\" content=\"Arbeit anders denken Wir zerpfl\u00fccken den Arbeitsbegriff und setzen ihn neu wieder zusammen. Was ist Arbeit nochmal, und wie viel wollen wir davon? Was mache ich eigentlich den ganzen Tag? Welche Form(en) von Arbeit braucht es f\u00fcr die sozial-\u00f6kologische Transformation? Wer soll die machen? Und wer hat im moment eigentlich Zeit daf\u00fcr? Wir wollen uns all diese Fragen vorkn\u00f6pfen, undWeiterlesen\" \/>\n<meta property=\"og:url\" content=\"https:\/\/kollektiv-radix.at\/index.php\/fuer-erwachsene\/\" \/>\n<meta property=\"og:site_name\" content=\"radix\" \/>\n<meta property=\"article:modified_time\" content=\"2022-06-23T08:35:17+00:00\" \/>\n<meta name=\"twitter:card\" content=\"summary_large_image\" \/>\n<meta name=\"twitter:label1\" content=\"Verfasst von\">\n\t<meta name=\"twitter:data1\" content=\"Sven\">\n\t<meta name=\"twitter:label2\" content=\"Gesch\u00e4tzte Lesezeit\">\n\t<meta name=\"twitter:data2\" content=\"1\u00a0Minute\">\n<script type=\"application\/ld+json\" class=\"yoast-schema-graph\">{\"@context\":\"https:\/\/schema.org\",\"@graph\":[{\"@type\":\"WebSite\",\"@id\":\"https:\/\/kollektiv-radix.at\/#website\",\"url\":\"https:\/\/kollektiv-radix.at\/\",\"name\":\"radix\",\"description\":\"Kollektiv f\\u00fcr transformative Bildung\",\"potentialAction\":[{\"@type\":\"SearchAction\",\"target\":\"https:\/\/kollektiv-radix.at\/?s={search_term_string}\",\"query-input\":\"required name=search_term_string\"}],\"inLanguage\":\"de\"},{\"@type\":\"WebPage\",\"@id\":\"https:\/\/kollektiv-radix.at\/index.php\/fuer-erwachsene\/#webpage\",\"url\":\"https:\/\/kollektiv-radix.at\/index.php\/fuer-erwachsene\/\",\"name\":\"Workshops f\\u00fcr Erwachsene - radix\",\"isPartOf\":{\"@id\":\"https:\/\/kollektiv-radix.at\/#website\"},\"datePublished\":\"2021-01-13T14:49:12+00:00\",\"dateModified\":\"2022-06-23T08:35:17+00:00\",\"inLanguage\":\"de\",\"potentialAction\":[{\"@type\":\"ReadAction\",\"target\":[\"https:\/\/kollektiv-radix.at\/index.php\/fuer-erwachsene\/\"]}]}]}<\/script>\n<!-- \/ Yoast SEO plugin. -->","_links":{"self":[{"href":"https:\/\/kollektiv-radix.at\/index.php\/wp-json\/wp\/v2\/pages\/296"}],"collection":[{"href":"https:\/\/kollektiv-radix.at\/index.php\/wp-json\/wp\/v2\/pages"}],"about":[{"href":"https:\/\/kollektiv-radix.at\/index.php\/wp-json\/wp\/v2\/types\/page"}],"author":[{"embeddable":true,"href":"https:\/\/kollektiv-radix.at\/index.php\/wp-json\/wp\/v2\/users\/4"}],"replies":[{"embeddable":true,"href":"https:\/\/kollektiv-radix.at\/index.php\/wp-json\/wp\/v2\/comments?post=296"}],"version-history":[{"count":40,"href":"https:\/\/kollektiv-radix.at\/index.php\/wp-json\/wp\/v2\/pages\/296\/revisions"}],"predecessor-version":[{"id":862,"href":"https:\/\/kollektiv-radix.at\/index.php\/wp-json\/wp\/v2\/pages\/296\/revisions\/862"}],"wp:attachment":[{"href":"https:\/\/kollektiv-radix.at\/index.php\/wp-json\/wp\/v2\/media?parent=296"}],"curies":[{"name":"wp","href":"https:\/\/api.w.org\/{rel}","templated":true}]}}

Workshops für Erwachsene

<div data-elementor-type="wp-page" data-elementor-id="296" class="elementor elementor-296" data-elementor-settings="[]">
						<div class="elementor-inner">
							<div class="elementor-section-wrap">
							<section class="elementor-section elementor-top-section elementor-element elementor-element-3b2923b elementor-section-boxed elementor-section-height-default elementor-section-height-default" data-id="3b2923b" data-element_type="section">
						<div class="elementor-container elementor-column-gap-default">
							<div class="elementor-row">
					<div class="elementor-column elementor-col-100 elementor-top-column elementor-element elementor-element-11f0e30" data-id="11f0e30" data-element_type="column">
			<div class="elementor-column-wrap elementor-element-populated">
							<div class="elementor-widget-wrap">
						<div class="elementor-element elementor-element-9736ed7 elementor-widget elementor-widget-toggle" data-id="9736ed7" data-element_type="widget" data-widget_type="toggle.default">
				<div class="elementor-widget-container">
					<div class="elementor-toggle" role="tablist">
							<div class="elementor-toggle-item">
					<div id="elementor-tab-title-1581" class="elementor-tab-title" data-tab="1" role="tab" aria-controls="elementor-tab-content-1581">
												<span class="elementor-toggle-icon elementor-toggle-icon-left" aria-hidden="true">
															<span class="elementor-toggle-icon-closed"><i class="fas fa-caret-right"></i></span>
								<span class="elementor-toggle-icon-opened"><i class="elementor-toggle-icon-opened fas fa-caret-up"></i></span>
													</span>
												<a href="" class="elementor-toggle-title">Arbeit anders denken</a>
					</div>
					<div id="elementor-tab-content-1581" class="elementor-tab-content elementor-clearfix" data-tab="1" role="tabpanel" aria-labelledby="elementor-tab-title-1581"><p>Wir zerpflücken den Arbeitsbegriff und setzen ihn neu wieder zusammen. Was ist Arbeit nochmal, und wie viel wollen wir davon? Was mache ich eigentlich den ganzen Tag? Welche Form(en) von Arbeit braucht es für die sozial-ökologische Transformation? Wer soll die machen? Und wer hat im moment eigentlich Zeit dafür? Wir wollen uns all diese Fragen vorknöpfen, und vielleicht die eine oder andere Antwort darauf finden. Dabei wird uns die “4-in-1-Perspektive” von Frigga Haug als ein Bezugspunkt dienen. An die Arbeit!<br /><em>Dauer: zwischen 100 min. und 3 Stunden, je nach Setting.</em></p></div>
				</div>
							<div class="elementor-toggle-item">
					<div id="elementor-tab-title-1582" class="elementor-tab-title" data-tab="2" role="tab" aria-controls="elementor-tab-content-1582">
												<span class="elementor-toggle-icon elementor-toggle-icon-left" aria-hidden="true">
															<span class="elementor-toggle-icon-closed"><i class="fas fa-caret-right"></i></span>
								<span class="elementor-toggle-icon-opened"><i class="elementor-toggle-icon-opened fas fa-caret-up"></i></span>
													</span>
												<a href="" class="elementor-toggle-title">Endlich Wachstum?!</a>
					</div>
					<div id="elementor-tab-content-1582" class="elementor-tab-content elementor-clearfix" data-tab="2" role="tabpanel" aria-labelledby="elementor-tab-title-1582"><p>In diesem Einführungsworkshop machen wir uns mit den<strong> Steigerungszwängen</strong> der kapitalistischen Gesellschaftsordnung und dem Denken von <strong>wachstumskritischen Ansätzen</strong> vertraut. Was sind die <strong>Ursprünge, Eigenheiten und Ziele</strong> der verschiedenen Strömungen? Dabei schauen wir auf <strong>Gefahren und Potentiale</strong> der verschiedenen Perspektiven für einen emanzipatorischen Wandel zum Guten Leben für Alle! Letztlich stellt sich uns dann die Frage: Lässt sich mit diesen Debatten was bewegen? Und wenn ja, was?</p></div>
				</div>
							<div class="elementor-toggle-item">
					<div id="elementor-tab-title-1583" class="elementor-tab-title" data-tab="3" role="tab" aria-controls="elementor-tab-content-1583">
												<span class="elementor-toggle-icon elementor-toggle-icon-left" aria-hidden="true">
															<span class="elementor-toggle-icon-closed"><i class="fas fa-caret-right"></i></span>
								<span class="elementor-toggle-icon-opened"><i class="elementor-toggle-icon-opened fas fa-caret-up"></i></span>
													</span>
												<a href="" class="elementor-toggle-title">Caring4Future: Entwürfe einer solidarischen Zukunft</a>
					</div>
					<div id="elementor-tab-content-1583" class="elementor-tab-content elementor-clearfix" data-tab="3" role="tabpanel" aria-labelledby="elementor-tab-title-1583"><p>Medienberichte, Wahlplakate und die Demonstrationsschilder streikender Schüler*innen erinnern uns regelmäßig daran, dass unsere Lebensweise ökologisch und sozial langfristig nicht tragbar ist. Damit die Wirtschaft weiter wächst, werden vor allem Frauen*, Migrant*innen und die ökologischen Lebensgrundlagen ausgebeutet.</p><p>Aber was würden Kinder in einer Gesellschaft lernen, die Fürsorge in ihr Zentrum stellt? Unter welchen Bedingungen würden Menschen in so einer Gesellschaft altern? Und wie würde Arbeit aussehen, die sich an den Bedürfnissen der Menschen und nicht an Profitmaximierung orientiert? In diesem interaktiven Workshop gehen wir diesen Fragen auf den Grund und eröffnen den Raum, Elemente solidarischer Zukunftsentwürfe zu diskutieren.</p><p><br />Zusammen mit der <a href="http://kauz-project.org/">Werktstatt für Klima, Arbeit und Zukunft (KAUZ)</a> erarbeiten wir ein Workshopformat, in dem wir Care (Für-Sorge) ins Zentrum einer alternativen solidarischen Wirtschaftsweise stellen möchten.</p></div>
				</div>
					</div>
				</div>
				</div>
						</div>
					</div>
		</div>
								</div>
					</div>
		</section>
						</div>
						</div>
					</div>

<p>Arbeit anders denken Wir zerpflücken den Arbeitsbegriff und setzen ihn neu wieder zusammen. Was ist Arbeit nochmal, und wie viel wollen wir davon? Was mache ich eigentlich den ganzen Tag? Welche Form(en) von Arbeit braucht es für die sozial-ökologische Transformation? Wer soll die machen? Und wer hat im moment eigentlich Zeit dafür? Wir wollen uns all diese Fragen vorknöpfen, und</p>
<p><a class="more-link" href="https://kollektiv-radix.at/index.php/fuer-erwachsene/">Weiterlesen</a></p>

<!-- This site is optimized with the Yoast SEO plugin v15.3 - https://yoast.com/wordpress/plugins/seo/ -->
<title>Workshops für Erwachsene - radix</title>
<meta name="robots" content="index, follow, max-snippet:-1, max-image-preview:large, max-video-preview:-1" />
<link rel="canonical" href="https://kollektiv-radix.at/index.php/fuer-erwachsene/" />
<meta property="og:locale" content="de_DE" />
<meta property="og:type" content="article" />
<meta property="og:title" content="Workshops für Erwachsene - radix" />
<meta property="og:description" content="Arbeit anders denken Wir zerpflücken den Arbeitsbegriff und setzen ihn neu wieder zusammen. Was ist Arbeit nochmal, und wie viel wollen wir davon? Was mache ich eigentlich den ganzen Tag? Welche Form(en) von Arbeit braucht es für die sozial-ökologische Transformation? Wer soll die machen? Und wer hat im moment eigentlich Zeit dafür? Wir wollen uns all diese Fragen vorknöpfen, undWeiterlesen" />
<meta property="og:url" content="https://kollektiv-radix.at/index.php/fuer-erwachsene/" />
<meta property="og:site_name" content="radix" />
<meta property="article:modified_time" content="2022-06-23T08:35:17+00:00" />
<meta name="twitter:card" content="summary_large_image" />
<meta name="twitter:label1" content="Verfasst von">
	<meta name="twitter:data1" content="Sven">
	<meta name="twitter:label2" content="Geschätzte Lesezeit">
	<meta name="twitter:data2" content="1 Minute">
<script type="application/ld+json" class="yoast-schema-graph">{"@context":"https://schema.org","@graph":[{"@type":"WebSite","@id":"https://kollektiv-radix.at/#website","url":"https://kollektiv-radix.at/","name":"radix","description":"Kollektiv f\u00fcr transformative Bildung","potentialAction":[{"@type":"SearchAction","target":"https://kollektiv-radix.at/?s={search_term_string}","query-input":"required name=search_term_string"}],"inLanguage":"de"},{"@type":"WebPage","@id":"https://kollektiv-radix.at/index.php/fuer-erwachsene/#webpage","url":"https://kollektiv-radix.at/index.php/fuer-erwachsene/","name":"Workshops f\u00fcr Erwachsene - radix","isPartOf":{"@id":"https://kollektiv-radix.at/#website"},"datePublished":"2021-01-13T14:49:12+00:00","dateModified":"2022-06-23T08:35:17+00:00","inLanguage":"de","potentialAction":[{"@type":"ReadAction","target":["https://kollektiv-radix.at/index.php/fuer-erwachsene/"]}]}]}</script>
<!-- / Yoast SEO plugin. -->
