{"id":300,"date":"2021-01-13T14:50:20","date_gmt":"2021-01-13T14:50:20","guid":{"rendered":"https:\/\/kollektiv-radix.at\/?page_id=300"},"modified":"2021-01-19T11:39:52","modified_gmt":"2021-01-19T11:39:52","slug":"multiplikatorinnen","status":"publish","type":"page","link":"https:\/\/kollektiv-radix.at\/index.php\/multiplikatorinnen\/","title":{"rendered":"Multiplikator*innen"},"content":{"rendered":"\t\t<div data-elementor-type=\"wp-page\" data-elementor-id=\"300\" class=\"elementor elementor-300\" data-elementor-settings=\"[]\">\n\t\t\t\t\t\t<div class=\"elementor-inner\">\n\t\t\t\t\t\t\t<div class=\"elementor-section-wrap\">\n\t\t\t\t\t\t\t<section class=\"elementor-section elementor-top-section elementor-element elementor-element-cf7a6a7 elementor-section-boxed elementor-section-height-default elementor-section-height-default\" data-id=\"cf7a6a7\" data-element_type=\"section\">\n\t\t\t\t\t\t<div class=\"elementor-container elementor-column-gap-default\">\n\t\t\t\t\t\t\t<div class=\"elementor-row\">\n\t\t\t\t\t<div class=\"elementor-column elementor-col-100 elementor-top-column elementor-element elementor-element-3153de1\" data-id=\"3153de1\" data-element_type=\"column\">\n\t\t\t<div class=\"elementor-column-wrap elementor-element-populated\">\n\t\t\t\t\t\t\t<div class=\"elementor-widget-wrap\">\n\t\t\t\t\t\t<div class=\"elementor-element elementor-element-7218b3f9 elementor-widget elementor-widget-text-editor\" data-id=\"7218b3f9\" data-element_type=\"widget\" data-widget_type=\"text-editor.default\">\n\t\t\t\t<div class=\"elementor-widget-container\">\n\t\t\t\t\t<div class=\"elementor-text-editor elementor-clearfix\"><p><!-- wp:paragraph --><\/p>\n<p>Wir bieten Workshops f\u00fcr Menschen an, die selbst Bildungsr\u00e4ume gestalten und auf der Suche nach transformativen Methoden, Haltungen und Inhalten sind. Wir bringen Impulse aus unseren Praxis und fortlaufenden Lernprozessen mit und m\u00f6chten dabei vor allem erm\u00f6glichen, den eigenen Kontext neu zu betrachten und ins Ausprobieren zu kommen.<\/p>\n<p><!-- \/wp:paragraph --><\/p><\/div>\n\t\t\t\t<\/div>\n\t\t\t\t<\/div>\n\t\t\t\t\t\t<\/div>\n\t\t\t\t\t<\/div>\n\t\t<\/div>\n\t\t\t\t\t\t\t\t<\/div>\n\t\t\t\t\t<\/div>\n\t\t<\/section>\n\t\t\t\t<section class=\"elementor-section elementor-top-section elementor-element elementor-element-72f5dd25 elementor-section-boxed elementor-section-height-default elementor-section-height-default\" data-id=\"72f5dd25\" data-element_type=\"section\">\n\t\t\t\t\t\t<div class=\"elementor-container elementor-column-gap-default\">\n\t\t\t\t\t\t\t<div class=\"elementor-row\">\n\t\t\t\t\t<div class=\"elementor-column elementor-col-100 elementor-top-column elementor-element elementor-element-7a2e1798\" data-id=\"7a2e1798\" data-element_type=\"column\">\n\t\t\t<div class=\"elementor-column-wrap elementor-element-populated\">\n\t\t\t\t\t\t\t<div class=\"elementor-widget-wrap\">\n\t\t\t\t\t\t<div class=\"elementor-element elementor-element-7326a070 elementor-widget elementor-widget-toggle\" data-id=\"7326a070\" data-element_type=\"widget\" data-widget_type=\"toggle.default\">\n\t\t\t\t<div class=\"elementor-widget-container\">\n\t\t\t\t\t<div class=\"elementor-toggle\" role=\"tablist\">\n\t\t\t\t\t\t\t<div class=\"elementor-toggle-item\">\n\t\t\t\t\t<div id=\"elementor-tab-title-1931\" class=\"elementor-tab-title\" data-tab=\"1\" role=\"tab\" aria-controls=\"elementor-tab-content-1931\">\n\t\t\t\t\t\t\t\t\t\t\t\t<span class=\"elementor-toggle-icon elementor-toggle-icon-left\" aria-hidden=\"true\">\n\t\t\t\t\t\t\t\t\t\t\t\t\t\t\t<span class=\"elementor-toggle-icon-closed\"><i class=\"fas fa-caret-right\"><\/i><\/span>\n\t\t\t\t\t\t\t\t<span class=\"elementor-toggle-icon-opened\"><i class=\"elementor-toggle-icon-opened fas fa-caret-up\"><\/i><\/span>\n\t\t\t\t\t\t\t\t\t\t\t\t\t<\/span>\n\t\t\t\t\t\t\t\t\t\t\t\t<a href=\"\" class=\"elementor-toggle-title\">Transformative Bildung<\/a>\n\t\t\t\t\t<\/div>\n\t\t\t\t\t<div id=\"elementor-tab-content-1931\" class=\"elementor-tab-content elementor-clearfix\" data-tab=\"1\" role=\"tabpanel\" aria-labelledby=\"elementor-tab-title-1931\"><p>Eine radikale sozial-\u00f6kologische Transformation r\u00fcttelt an gelernten Welt-und Selbstbildern und gesellschaftlichen Strukturen. Was und wie Menschen lernen ist Teil des Problems. Eine emanzipatorische Transformation braucht Lernumgebungen, die anders ausschauen als frontale Lernfabriken. In diesem Workshop fragen wir, wie solche R\u00e4ume und deren Inhalte unter dem Stichwort transformative Bildungsarbeit aussehen k\u00f6nnen und was ihr Beitrag zu sozial-\u00f6kologischer Ver\u00e4nderung sein kann. Dabei schauen wir auf eigene Lernerfahrungen, Widerspr\u00fcchlichkeiten und Herausforderungen.<\/p><\/div>\n\t\t\t\t<\/div>\n\t\t\t\t\t<\/div>\n\t\t\t\t<\/div>\n\t\t\t\t<\/div>\n\t\t\t\t\t\t<\/div>\n\t\t\t\t\t<\/div>\n\t\t<\/div>\n\t\t\t\t\t\t\t\t<\/div>\n\t\t\t\t\t<\/div>\n\t\t<\/section>\n\t\t\t\t\t\t<\/div>\n\t\t\t\t\t\t<\/div>\n\t\t\t\t\t<\/div>\n\t\t","protected":false},"excerpt":{"rendered":"<p>Wir bieten Workshops f\u00fcr Menschen an, die selbst Bildungsr\u00e4ume gestalten und auf der Suche nach transformativen Methoden, Haltungen und Inhalten sind. Wir bringen Impulse aus unseren Praxis und fortlaufenden Lernprozessen mit und m\u00f6chten dabei vor allem erm\u00f6glichen, den eigenen Kontext neu zu betrachten und ins Ausprobieren zu kommen. Transformative Bildung Eine radikale sozial-\u00f6kologische Transformation r\u00fcttelt an gelernten Welt-und Selbstbildern und<\/p>\n<p><a class=\"more-link\" href=\"https:\/\/kollektiv-radix.at\/index.php\/multiplikatorinnen\/\">Weiterlesen<\/a><\/p>\n","protected":false},"author":4,"featured_media":0,"parent":0,"menu_order":0,"comment_status":"closed","ping_status":"closed","template":"","meta":[],"yoast_head":"<!-- This site is optimized with the Yoast SEO plugin v15.3 - https:\/\/yoast.com\/wordpress\/plugins\/seo\/ -->\n<title>Multiplikator*innen - radix<\/title>\n<meta name=\"robots\" content=\"index, follow, max-snippet:-1, max-image-preview:large, max-video-preview:-1\" \/>\n<link rel=\"canonical\" href=\"https:\/\/kollektiv-radix.at\/index.php\/multiplikatorinnen\/\" \/>\n<meta property=\"og:locale\" content=\"de_DE\" \/>\n<meta property=\"og:type\" content=\"article\" \/>\n<meta property=\"og:title\" content=\"Multiplikator*innen - radix\" \/>\n<meta property=\"og:description\" content=\"Wir bieten Workshops f\u00fcr Menschen an, die selbst Bildungsr\u00e4ume gestalten und auf der Suche nach transformativen Methoden, Haltungen und Inhalten sind. Wir bringen Impulse aus unseren Praxis und fortlaufenden Lernprozessen mit und m\u00f6chten dabei vor allem erm\u00f6glichen, den eigenen Kontext neu zu betrachten und ins Ausprobieren zu kommen. Transformative Bildung Eine radikale sozial-\u00f6kologische Transformation r\u00fcttelt an gelernten Welt-und Selbstbildern undWeiterlesen\" \/>\n<meta property=\"og:url\" content=\"https:\/\/kollektiv-radix.at\/index.php\/multiplikatorinnen\/\" \/>\n<meta property=\"og:site_name\" content=\"radix\" \/>\n<meta property=\"article:modified_time\" content=\"2021-01-19T11:39:52+00:00\" \/>\n<meta name=\"twitter:card\" content=\"summary_large_image\" \/>\n<meta name=\"twitter:label1\" content=\"Verfasst von\">\n\t<meta name=\"twitter:data1\" content=\"Sven\">\n\t<meta name=\"twitter:label2\" content=\"Gesch\u00e4tzte Lesezeit\">\n\t<meta name=\"twitter:data2\" content=\"1\u00a0Minute\">\n<script type=\"application\/ld+json\" class=\"yoast-schema-graph\">{\"@context\":\"https:\/\/schema.org\",\"@graph\":[{\"@type\":\"WebSite\",\"@id\":\"https:\/\/kollektiv-radix.at\/#website\",\"url\":\"https:\/\/kollektiv-radix.at\/\",\"name\":\"radix\",\"description\":\"Kollektiv f\\u00fcr transformative Bildung\",\"potentialAction\":[{\"@type\":\"SearchAction\",\"target\":\"https:\/\/kollektiv-radix.at\/?s={search_term_string}\",\"query-input\":\"required name=search_term_string\"}],\"inLanguage\":\"de\"},{\"@type\":\"WebPage\",\"@id\":\"https:\/\/kollektiv-radix.at\/index.php\/multiplikatorinnen\/#webpage\",\"url\":\"https:\/\/kollektiv-radix.at\/index.php\/multiplikatorinnen\/\",\"name\":\"Multiplikator*innen - radix\",\"isPartOf\":{\"@id\":\"https:\/\/kollektiv-radix.at\/#website\"},\"datePublished\":\"2021-01-13T14:50:20+00:00\",\"dateModified\":\"2021-01-19T11:39:52+00:00\",\"inLanguage\":\"de\",\"potentialAction\":[{\"@type\":\"ReadAction\",\"target\":[\"https:\/\/kollektiv-radix.at\/index.php\/multiplikatorinnen\/\"]}]}]}<\/script>\n<!-- \/ Yoast SEO plugin. -->","_links":{"self":[{"href":"https:\/\/kollektiv-radix.at\/index.php\/wp-json\/wp\/v2\/pages\/300"}],"collection":[{"href":"https:\/\/kollektiv-radix.at\/index.php\/wp-json\/wp\/v2\/pages"}],"about":[{"href":"https:\/\/kollektiv-radix.at\/index.php\/wp-json\/wp\/v2\/types\/page"}],"author":[{"embeddable":true,"href":"https:\/\/kollektiv-radix.at\/index.php\/wp-json\/wp\/v2\/users\/4"}],"replies":[{"embeddable":true,"href":"https:\/\/kollektiv-radix.at\/index.php\/wp-json\/wp\/v2\/comments?post=300"}],"version-history":[{"count":8,"href":"https:\/\/kollektiv-radix.at\/index.php\/wp-json\/wp\/v2\/pages\/300\/revisions"}],"predecessor-version":[{"id":408,"href":"https:\/\/kollektiv-radix.at\/index.php\/wp-json\/wp\/v2\/pages\/300\/revisions\/408"}],"wp:attachment":[{"href":"https:\/\/kollektiv-radix.at\/index.php\/wp-json\/wp\/v2\/media?parent=300"}],"curies":[{"name":"wp","href":"https:\/\/api.w.org\/{rel}","templated":true}]}}

<div data-elementor-type="wp-page" data-elementor-id="300" class="elementor elementor-300" data-elementor-settings="[]">
						<div class="elementor-inner">
							<div class="elementor-section-wrap">
							<section class="elementor-section elementor-top-section elementor-element elementor-element-cf7a6a7 elementor-section-boxed elementor-section-height-default elementor-section-height-default" data-id="cf7a6a7" data-element_type="section">
						<div class="elementor-container elementor-column-gap-default">
							<div class="elementor-row">
					<div class="elementor-column elementor-col-100 elementor-top-column elementor-element elementor-element-3153de1" data-id="3153de1" data-element_type="column">
			<div class="elementor-column-wrap elementor-element-populated">
							<div class="elementor-widget-wrap">
						<div class="elementor-element elementor-element-7218b3f9 elementor-widget elementor-widget-text-editor" data-id="7218b3f9" data-element_type="widget" data-widget_type="text-editor.default">
				<div class="elementor-widget-container">
					<div class="elementor-text-editor elementor-clearfix"><p><!-- wp:paragraph --></p>
<p>Wir bieten Workshops für Menschen an, die selbst Bildungsräume gestalten und auf der Suche nach transformativen Methoden, Haltungen und Inhalten sind. Wir bringen Impulse aus unseren Praxis und fortlaufenden Lernprozessen mit und möchten dabei vor allem ermöglichen, den eigenen Kontext neu zu betrachten und ins Ausprobieren zu kommen.</p>
<p><!-- /wp:paragraph --></p></div>
				</div>
				</div>
						</div>
					</div>
		</div>
								</div>
					</div>
		</section>
				<section class="elementor-section elementor-top-section elementor-element elementor-element-72f5dd25 elementor-section-boxed elementor-section-height-default elementor-section-height-default" data-id="72f5dd25" data-element_type="section">
						<div class="elementor-container elementor-column-gap-default">
							<div class="elementor-row">
					<div class="elementor-column elementor-col-100 elementor-top-column elementor-element elementor-element-7a2e1798" data-id="7a2e1798" data-element_type="column">
			<div class="elementor-column-wrap elementor-element-populated">
							<div class="elementor-widget-wrap">
						<div class="elementor-element elementor-element-7326a070 elementor-widget elementor-widget-toggle" data-id="7326a070" data-element_type="widget" data-widget_type="toggle.default">
				<div class="elementor-widget-container">
					<div class="elementor-toggle" role="tablist">
							<div class="elementor-toggle-item">
					<div id="elementor-tab-title-1931" class="elementor-tab-title" data-tab="1" role="tab" aria-controls="elementor-tab-content-1931">
												<span class="elementor-toggle-icon elementor-toggle-icon-left" aria-hidden="true">
															<span class="elementor-toggle-icon-closed"><i class="fas fa-caret-right"></i></span>
								<span class="elementor-toggle-icon-opened"><i class="elementor-toggle-icon-opened fas fa-caret-up"></i></span>
													</span>
												<a href="" class="elementor-toggle-title">Transformative Bildung</a>
					</div>
					<div id="elementor-tab-content-1931" class="elementor-tab-content elementor-clearfix" data-tab="1" role="tabpanel" aria-labelledby="elementor-tab-title-1931"><p>Eine radikale sozial-ökologische Transformation rüttelt an gelernten Welt-und Selbstbildern und gesellschaftlichen Strukturen. Was und wie Menschen lernen ist Teil des Problems. Eine emanzipatorische Transformation braucht Lernumgebungen, die anders ausschauen als frontale Lernfabriken. In diesem Workshop fragen wir, wie solche Räume und deren Inhalte unter dem Stichwort transformative Bildungsarbeit aussehen können und was ihr Beitrag zu sozial-ökologischer Veränderung sein kann. Dabei schauen wir auf eigene Lernerfahrungen, Widersprüchlichkeiten und Herausforderungen.</p></div>
				</div>
					</div>
				</div>
				</div>
						</div>
					</div>
		</div>
								</div>
					</div>
		</section>
						</div>
						</div>
					</div>

<p>Wir bieten Workshops für Menschen an, die selbst Bildungsräume gestalten und auf der Suche nach transformativen Methoden, Haltungen und Inhalten sind. Wir bringen Impulse aus unseren Praxis und fortlaufenden Lernprozessen mit und möchten dabei vor allem ermöglichen, den eigenen Kontext neu zu betrachten und ins Ausprobieren zu kommen. Transformative Bildung Eine radikale sozial-ökologische Transformation rüttelt an gelernten Welt-und Selbstbildern und</p>
<p><a class="more-link" href="https://kollektiv-radix.at/index.php/multiplikatorinnen/">Weiterlesen</a></p>

<!-- This site is optimized with the Yoast SEO plugin v15.3 - https://yoast.com/wordpress/plugins/seo/ -->
<title>Multiplikator*innen - radix</title>
<meta name="robots" content="index, follow, max-snippet:-1, max-image-preview:large, max-video-preview:-1" />
<link rel="canonical" href="https://kollektiv-radix.at/index.php/multiplikatorinnen/" />
<meta property="og:locale" content="de_DE" />
<meta property="og:type" content="article" />
<meta property="og:title" content="Multiplikator*innen - radix" />
<meta property="og:description" content="Wir bieten Workshops für Menschen an, die selbst Bildungsräume gestalten und auf der Suche nach transformativen Methoden, Haltungen und Inhalten sind. Wir bringen Impulse aus unseren Praxis und fortlaufenden Lernprozessen mit und möchten dabei vor allem ermöglichen, den eigenen Kontext neu zu betrachten und ins Ausprobieren zu kommen. Transformative Bildung Eine radikale sozial-ökologische Transformation rüttelt an gelernten Welt-und Selbstbildern undWeiterlesen" />
<meta property="og:url" content="https://kollektiv-radix.at/index.php/multiplikatorinnen/" />
<meta property="og:site_name" content="radix" />
<meta property="article:modified_time" content="2021-01-19T11:39:52+00:00" />
<meta name="twitter:card" content="summary_large_image" />
<meta name="twitter:label1" content="Verfasst von">
	<meta name="twitter:data1" content="Sven">
	<meta name="twitter:label2" content="Geschätzte Lesezeit">
	<meta name="twitter:data2" content="1 Minute">
<script type="application/ld+json" class="yoast-schema-graph">{"@context":"https://schema.org","@graph":[{"@type":"WebSite","@id":"https://kollektiv-radix.at/#website","url":"https://kollektiv-radix.at/","name":"radix","description":"Kollektiv f\u00fcr transformative Bildung","potentialAction":[{"@type":"SearchAction","target":"https://kollektiv-radix.at/?s={search_term_string}","query-input":"required name=search_term_string"}],"inLanguage":"de"},{"@type":"WebPage","@id":"https://kollektiv-radix.at/index.php/multiplikatorinnen/#webpage","url":"https://kollektiv-radix.at/index.php/multiplikatorinnen/","name":"Multiplikator*innen - radix","isPartOf":{"@id":"https://kollektiv-radix.at/#website"},"datePublished":"2021-01-13T14:50:20+00:00","dateModified":"2021-01-19T11:39:52+00:00","inLanguage":"de","potentialAction":[{"@type":"ReadAction","target":["https://kollektiv-radix.at/index.php/multiplikatorinnen/"]}]}]}</script>
<!-- / Yoast SEO plugin. -->
